{"id":235,"date":"2020-10-02T14:19:18","date_gmt":"2020-10-02T14:19:18","guid":{"rendered":"https:\/\/pysslingen.se\/myrangen\/?page_id=235"},"modified":"2020-10-14T05:46:31","modified_gmt":"2020-10-14T05:46:31","slug":"test","status":"publish","type":"page","link":"https:\/\/pysslingen.se\/myrangen\/test\/","title":{"rendered":"Test"},"content":{"rendered":"\n<p>Telefonnummer till avdelningarna:<\/p>\n\n<div class=\"wp-block-group\"><div class=\"wp-block-group__inner-container is-layout-flow wp-block-group-is-layout-flow\">\n<p>Myran &nbsp; &nbsp; &nbsp; tel: 070 091 95 54<\/p>\n\n\n\n<p>Stacken&nbsp; &nbsp; tel: 070 091 95 53<\/p>\n\n\n\n<p>\u00c4ngen &nbsp; &nbsp; &nbsp; tel: 070 091 96 61<\/p>\n\n\n\n<p>Blomman&nbsp; tel: 073 052 85 65<\/p>\n<\/div><\/div>\n\n\n<div    class=\"module_wrapper container-fluid  cpt-60 cpb-80 ams_single-contact_module \"\n\t>\n\t<div class=\"noblaskolan-border-6 module-expand\"\n\t\t style=\"border-color:#ff503c; height:100% width:100%\">\n\t\t<div class=\"row ams_single-contact_module_p_inner\">\n\n\t\t\t<div class=\"col-12 cmb-30 text-center col-md-8 offset-md-2\">\n\t\t\t\t\t\t<h2   class=\"site__heading-size-2 section-title  site__text-color  text-center\">\n\t\t\t\tV\u00e4lkommen att bes\u00f6ka oss!\t\t\t<\/h2>\n\t\t\t<\/div>\n\t\t<\/div>\n\t\t<div class=\"anchor_classes_div\"\n\t\t\t data-cta=\" nostyle site__a_cta \"\n\t\t\t data-theme=\" nostyle site__a_text \"\n\t\t\t data-darklight=\" nostyle site__a_dark \">\n\t\t\t\n\t<div class=\"row\">\n\t\t<div class=\"col-12 cmb-50 cmb-sm-25 col-md-6 offset-md-3\">\n\t\t\t<div   class=\"text-center site__body_text-1\">\n\t\t\t\t<p><span style=\"font-weight: 400;\">Under bes\u00f6ket f\u00e5r du m\u00f6jlighet att se v\u00e5ra lokaler, tr\u00e4ffa pedagogerna och h\u00f6ra mer om v\u00e5r utbildning. V\u00e4lkommen att h\u00f6ra av dig till v\u00e5r platsansvarige!<\/span><\/p>\n\t\t\t<\/div>\n\t\t<\/div>\n\t<\/div>\n\t\t<\/div>\n\t\t<article role=\"contact information\" aria-label=\"Angelica Blomstrand\"   class=\" row ams_single-contact_module_pb_inner\" style=\"align-items: center\" itemscope itemtype=\"http:\/\/schema.org\/Person\">\n\t\t\t<div class=\"col-md-6 col-lg-4  offset-lg-2 text-center text-md-right mb-3 p-0 pr-md-2\">\n\t\t\t\t\t\t\t\t\t\n\t\t\t\t\t<i class=\"fal fa-user-circle ams_single-contact_module__img mx-auto kontakt__image_size rounded-corners-image-shape kontakt__image_size_330x242 \"><\/i>\n\t\t\t\t\t\t\t\t\t\t\t\t<\/div>\n\n\t\t\t<div class=\"col-md-6 col-lg-4  text-center text-md-left p-0 pl-md-2 \">\n\t\t\t\t<h5    class=\" site__text-color  cmb-5 pb-0 site__heading-size-7\"\n\t\t\t\t\titemprop=\"name\">Angelica Blomstrand<\/h5>\n\n\t\t\t\t<div    class=\"site__subheading-7 cmb-15  site__text-color--dark \"\n\t\t\t\t\t itemprop=\"jobTitle\"\n\t\t\t\t\t style=\"letter-spacing: 0.1rem;\">\n\t\t\t\t\tPlatsansvarig\t\t\t\t<\/div>\n\n\t\t\t\t\n\t\t\t\t\t\t\t\t\t\t\t\t\t\t\t\t\t\t\t\t\t<div class=\"cmb-10 ams_active_link_state_default  site__text-color--dark \" itemprop=\"email\">\n\t\t\t\t\t\t\t<a    href=\"mailto:angelica.blomstrand@pysslingen.se\" class=\"site__text-color--dark site__a_cta\">\n\t\t\t\t\t\t\t\tangelica.blomstrand@pysslingen.se\t\t\t\t\t\t\t<\/a>\n\t\t\t\t\t\t<\/div>\n\t\t\t\t\t\t\t\t\t\n\t\t\t<\/div>\n\t\t<\/article>\n\t<\/div>\n<\/div>\n\n\n<section  class=\"ams-usp c-block l-stacked\" data-color-scheme=\"transparent\">\n\t<div class=\"l-container l-stack l-stack-fluid-2xl u-pt-fluid-3xl-6xl u-pb-fluid-3xl-6xl is-center is-center@md\">\n\t\t\n\t\t\t<ul class=\"ams-usp__list l-grid u-justify-center u-gap-fluid-2xl-4xl\">\n\t\t\t\t\t<li class=\"l-col-6@md l-col-4@lg\">\n\t\t\t\t<article\n\t\t\t\t\tclass=\"\n\t\t\t\t\tc-card\n\t\t\t\t\thas-media-zoom\n\t\t\t\t\t\n\t\t\t\t\t\n\t\t\t\t\t\"\n\t\t\t\t\tdata-variant=\"border\"\n\t\t\t\t\tdata-style=\"soft\"\n\t\t\t\t\t\n\t\t\t\t\t>\n\t\t\t\t\t\t\t\t\t\t\t<div class=\"c-card__content l-stack l-stack-sm u-text-center\">\n\t\t\t\t\t\t\t\t\t\t\t\t\t\t\t<h3 class=\"c-card__title u-font-title-3\">\n\t\t\t\t\t\t\t\t\t\t\t\t\t\t\t\t\t\t\t\t\t\t\t\t\t\t\t\t\t\tHelena Olsson\n\t\t\t\t\t\t\t\t\t\t\t<span class=\"c-card__title__sub is-below u-font-title-4\">\n\t\t\t\t\t\t\t\t\t\t\t\tKvalitetsledare\n\t\t\t\t\t\t\t\t\t\t\t<\/span>\n\t\t\t\t\t\t\t\t\t\t\t\t\t\t\t\t\t\t\t\t\t\t\t\t\t\t\t<\/h3>\n\t\t\t\t\t\t\t\n\t\t\t\t\t\t\t\t\t\t\t\t\t\t\t<div class=\"c-card__text l-stack-xs u-font-body\">\n\t\t\t\t\t\t\t\t\t<p>helena.olsson2@pysslingen.se<br \/>\n076-100 89 11<\/p>\n\n\t\t\t\t\t\t\t\t<\/div>\n\t\t\t\t\t\t\t\t\t\t\t\t\t<\/div>\n\t\t\t\t\t\n\t\t\t\t\t<div class=\"c-card__media\">\n\t\t\t\t\t\t\t\t\t\t\t\t\t\n\t\t\t\t\t\t\t\t\t\t\t<\/div>\n\t\t\t\t<\/article>\n\t\t\t<\/li>\n\n\t\t\t\t\t<li class=\"l-col-6@md l-col-4@lg\">\n\t\t\t\t<article\n\t\t\t\t\tclass=\"\n\t\t\t\t\tc-card\n\t\t\t\t\thas-media-zoom\n\t\t\t\t\t\n\t\t\t\t\t\n\t\t\t\t\t\"\n\t\t\t\t\tdata-variant=\"border\"\n\t\t\t\t\tdata-style=\"soft\"\n\t\t\t\t\t\n\t\t\t\t\t>\n\t\t\t\t\t\t\t\t\t\t\t<div class=\"c-card__content l-stack l-stack-sm u-text-center\">\n\t\t\t\t\t\t\t\t\t\t\t\t\t\t\t<h3 class=\"c-card__title u-font-title-3\">\n\t\t\t\t\t\t\t\t\t\t\t\t\t\t\t\t\t\t\t\t\t\t\t\t\t\t\t\t\t\tIrina Aarnio\n\t\t\t\t\t\t\t\t\t\t\t<span class=\"c-card__title__sub is-below u-font-title-4\">\n\t\t\t\t\t\t\t\t\t\t\t\tIntendent\n\t\t\t\t\t\t\t\t\t\t\t<\/span>\n\t\t\t\t\t\t\t\t\t\t\t\t\t\t\t\t\t\t\t\t\t\t\t\t\t\t\t<\/h3>\n\t\t\t\t\t\t\t\n\t\t\t\t\t\t\t\t\t\t\t\t\t\t\t<div class=\"c-card__text l-stack-xs u-font-body\">\n\t\t\t\t\t\t\t\t\t<p>irina.aarnio@pysslingen.se<br \/>\n072-213 73 09<\/p>\n\n\t\t\t\t\t\t\t\t<\/div>\n\t\t\t\t\t\t\t\t\t\t\t\t\t<\/div>\n\t\t\t\t\t\n\t\t\t\t\t<div class=\"c-card__media\">\n\t\t\t\t\t\t\t\t\t\t\t\t\t\n\t\t\t\t\t\t\t\t\t\t\t<\/div>\n\t\t\t\t<\/article>\n\t\t\t<\/li>\n\n\t\t\t<\/ul>\n\n\t\t\t<\/div>\n\n\t\t\n\n<\/section>\n\n\n<section  class=\"ams-usp c-block l-stacked\" data-color-scheme=\"transparent\">\n\t<div class=\"l-container l-stack l-stack-fluid-2xl u-pt-fluid-3xl-6xl u-pb-fluid-3xl-6xl is-center is-center@md\">\n\t\t\n\t\t\t<ul class=\"ams-usp__list l-grid u-justify-center u-gap-fluid-2xl-4xl\">\n\t\t\t\t\t<li class=\"l-col-6@md l-col-4@lg\">\n\t\t\t\t<article\n\t\t\t\t\tclass=\"\n\t\t\t\t\tc-card\n\t\t\t\t\thas-media-zoom\n\t\t\t\t\t\n\t\t\t\t\t\n\t\t\t\t\t\"\n\t\t\t\t\tdata-variant=\"border\"\n\t\t\t\t\tdata-style=\"soft\"\n\t\t\t\t\t\n\t\t\t\t\t>\n\t\t\t\t\t\t\t\t\t\t\t<div class=\"c-card__content l-stack l-stack-sm u-text-center\">\n\t\t\t\t\t\t\t\t\t\t\t\t\t\t\t<h3 class=\"c-card__title u-font-title-3\">\n\t\t\t\t\t\t\t\t\t\t\t\t\t\t\t\t\t\t\t\t\t\t\t\t\t\t\t\t\t\tHelena Olsson\n\t\t\t\t\t\t\t\t\t\t\t<span class=\"c-card__title__sub is-below u-font-title-4\">\n\t\t\t\t\t\t\t\t\t\t\t\tKvalitetsledare\n\t\t\t\t\t\t\t\t\t\t\t<\/span>\n\t\t\t\t\t\t\t\t\t\t\t\t\t\t\t\t\t\t\t\t\t\t\t\t\t\t\t<\/h3>\n\t\t\t\t\t\t\t\n\t\t\t\t\t\t\t\t\t\t\t\t\t\t\t<div class=\"c-card__text l-stack-xs u-font-body\">\n\t\t\t\t\t\t\t\t\t<p>helena.olsson2@pysslingen.se<br \/>\n076-100 89 11<\/p>\n\n\t\t\t\t\t\t\t\t<\/div>\n\t\t\t\t\t\t\t\t\t\t\t\t\t<\/div>\n\t\t\t\t\t\n\t\t\t\t\t<div class=\"c-card__media\">\n\t\t\t\t\t\t\t\t\t\t\t\t\t\n\t\t\t\t\t\t\t\t\t\t\t<\/div>\n\t\t\t\t<\/article>\n\t\t\t<\/li>\n\n\t\t\t\t\t<li class=\"l-col-6@md l-col-4@lg\">\n\t\t\t\t<article\n\t\t\t\t\tclass=\"\n\t\t\t\t\tc-card\n\t\t\t\t\thas-media-zoom\n\t\t\t\t\t\n\t\t\t\t\t\n\t\t\t\t\t\"\n\t\t\t\t\tdata-variant=\"border\"\n\t\t\t\t\tdata-style=\"soft\"\n\t\t\t\t\t\n\t\t\t\t\t>\n\t\t\t\t\t\t\t\t\t\t\t<div class=\"c-card__content l-stack l-stack-sm u-text-center\">\n\t\t\t\t\t\t\t\t\t\t\t\t\t\t\t<h3 class=\"c-card__title u-font-title-3\">\n\t\t\t\t\t\t\t\t\t\t\t\t\t\t\t\t\t\t\t\t\t\t\t\t\t\t\t\t\t\tIrina Aarnio\n\t\t\t\t\t\t\t\t\t\t\t<span class=\"c-card__title__sub is-below u-font-title-4\">\n\t\t\t\t\t\t\t\t\t\t\t\tIntendent\n\t\t\t\t\t\t\t\t\t\t\t<\/span>\n\t\t\t\t\t\t\t\t\t\t\t\t\t\t\t\t\t\t\t\t\t\t\t\t\t\t\t<\/h3>\n\t\t\t\t\t\t\t\n\t\t\t\t\t\t\t\t\t\t\t\t\t\t\t<div class=\"c-card__text l-stack-xs u-font-body\">\n\t\t\t\t\t\t\t\t\t<p>irina.aarnio@pysslingen.se<br \/>\n072-213 73 09<\/p>\n\n\t\t\t\t\t\t\t\t<\/div>\n\t\t\t\t\t\t\t\t\t\t\t\t\t<\/div>\n\t\t\t\t\t\n\t\t\t\t\t<div class=\"c-card__media\">\n\t\t\t\t\t\t\t\t\t\t\t\t\t\n\t\t\t\t\t\t\t\t\t\t\t<\/div>\n\t\t\t\t<\/article>\n\t\t\t<\/li>\n\n\t\t\t<\/ul>\n\n\t\t\t<\/div>\n\n\t\t\n\n<\/section>\n\n<style>\n\n\t@media only screen and (max-width: 1100px) {\n\t\t.header_five .hero__img-overlay,\n\t\t.header_six .hero__img-overlay {\n\t\t\tbackground-repeat: no-repeat;\n\t\t\tbackground-attachment: fixed;\n\t\t\tbackground-position: center top;\n\t\t}\n\t}\n\n\/* module_wrapper\nmodule-expand *\/\n<\/style>\n<section class=\"entry-header header-mod module_wrapper header_one full_height\" >\n\t<div role=\"banner\" arial-label=\"Hero Banner\"   class=\"ams_hero variant_one  site__secondary-bg--8  \" style=\"background-image:url();\">\n\t\t\n\t\t<div class=\"hero__img-overlay\">\n\t\t\t\t\t\t\t\t\t\t\t\t\n\t\t\t\t\t<picture aria-label=\"Image Banner\" id=\"hero-picture\">\n\t\t\t\t\t\t\t\t\t\t\t<img decoding=\"async\" src=\"https:\/\/pysslingen.se\/wp-content\/uploads\/sites\/12\/2020\/09\/utelekschemakort2.png\" class=\"hero__bg hero_animate\" alt=\"Pyss och Ling lekker p\u00e5 f\u00f6rskolans uteg\u00e5rd.\" srcset=\"https:\/\/pysslingen.se\/wp-content\/uploads\/sites\/12\/2020\/09\/utelekschemakort2.png 1748w, https:\/\/pysslingen.se\/wp-content\/uploads\/sites\/12\/2020\/09\/utelekschemakort2-300x213.png 300w, https:\/\/pysslingen.se\/wp-content\/uploads\/sites\/12\/2020\/09\/utelekschemakort2-1024x726.png 1024w, https:\/\/pysslingen.se\/wp-content\/uploads\/sites\/12\/2020\/09\/utelekschemakort2-768x545.png 768w, https:\/\/pysslingen.se\/wp-content\/uploads\/sites\/12\/2020\/09\/utelekschemakort2-1536x1090.png 1536w, https:\/\/pysslingen.se\/wp-content\/uploads\/sites\/12\/2020\/09\/utelekschemakort2-1100x780.png 1100w, https:\/\/pysslingen.se\/wp-content\/uploads\/sites\/12\/2020\/09\/utelekschemakort2-944x670.png 944w\" sizes=\"(max-width: 1748px) 100vw, 1748px\" \/>\n\t\t\t\t\t\t\n\t\t\t\t\t\t\t\t\t\t\t<\/picture>\n\t\t\t\t\t\t\t\t\n\t\t\t<div class=\"hero__overlay--school\"><\/div>\n\t\t<\/div>\n\n\t\t\t\t<div class=\"container_width--full_width_conIcon  container-full noblaskolan d-md-block \">\n\t\t\t<div class=\"hero_text_wrapper  cpt-60 noblaskolan-border-6\" style=\"border-color:#ff503c;\">\n\t\t\t\t<div   class=\"hero_text module-expand\">\n\t\t\t\t\t\t\t\t\t\t\t\n\n\t\t\t\t\t\t\t\t\t\t\t\t\t<div class=\"hero__school-intro  site__text-color--dark  cmb-50\">\n\t\t\t\t\t\t\t\t<div   class=\"anchor_classes_div\" data-cta=\" nostyle site__a_cta \"\n\t\t\t\t\t\t\t\t\t\tdata-theme=\" nostyle site__a_text \"\n\t\t\t\t\t\t\t\t\t\tdata-darklight=\" nostyle site__a_dark \">\n\t\t\t\t\t\t\t\t\t<p>Myr\u00e4ngen \u00e4r en del av Pysslingen F\u00f6rskolor, Sveriges st\u00f6rsta och \u00e4ldsta friskolef\u00f6retag inom f\u00f6rskolor.<\/p>\n<p>I v\u00e5rt omr\u00e5de ligger ocks\u00e5 f\u00f6rskolorna <a class='site__a_cta'href=\"https:\/\/www.pysslingen.se\/blabarsstallet\/\">B<\/a><span style=\"font-weight: 400;\">l\u00e5b\u00e4rsst\u00e4llet, <a class='site__a_cta'href=\"https:\/\/www.pysslingen.se\/solangen\/\">Sol\u00e4ngen<\/a>, <a class='site__a_cta'href=\"https:\/\/www.pysslingen.se\/riddarborgen\/\">Riddarborgen<\/a> samt <a class='site__a_cta'href=\"https:\/\/www.pysslingen.se\/varangen\/\">V\u00e5r\u00e4ngen<\/a>.<\/span><\/p>\n<p>Skolchef \u00e4r Jeanette Elg\u00e9n, <a class='site__a_cta'href=\"mailto:jeanette.elgen@pysslingen.se\"><span style=\"font-weight: 400;\">jeanette.elgen@pysslingen.se<\/span><\/a><span style=\"font-weight: 400;\">, 08-429 69 03<\/span><\/p>\n\t\t\t\t\t\t\t\t<\/div>\n\t\t\t\t\t\t\t<\/div>\n\t\t\t\t\t\t\n\t\t\t\t\t\t<p   class=\"lead\">\n\t\t\t\t\t\t\t\n\t\t\t\t\t\t\t\t\t\t\t\t\t<\/p>\n\n\t\t\t\t\t\t<div class=\"hero__space\"><\/div>\n\n\t\t\t\t<\/div>\n\t\t\t<\/div>\n\n\t\t\t\t\t<\/div>\n\n\t\t\t\t\t<div class=\"hero__school-inner-overlay  site__secondary-bg--8  filter_color\" style=\"opacity:1\"><\/div>\n\t\t\t<\/div>\n<\/section><!-- .entry-header -->\n","protected":false},"excerpt":{"rendered":"<p>Telefonnummer till avdelningarna: Myran &nbsp; &nbsp; &nbsp; tel: 070 091 95 54 Stacken&nbsp; &nbsp; tel: 070 091 95 53 \u00c4ngen &nbsp; &nbsp; &nbsp; tel: 070 091 96 61 Blomman&nbsp; tel: 073 052 85 65<\/p>\n","protected":false},"author":5,"featured_media":0,"parent":0,"menu_order":0,"comment_status":"closed","ping_status":"closed","template":"","meta":{"footnotes":""},"yoast_head":"<!-- This site is optimized with the Yoast SEO plugin v22.0 - https:\/\/yoast.com\/wordpress\/plugins\/seo\/ -->\n<title>Myr\u00e4ngen<\/title>\n<meta name=\"robots\" content=\"index, follow, max-snippet:-1, max-image-preview:large, max-video-preview:-1\" \/>\n<link rel=\"canonical\" href=\"https:\/\/pysslingen.se\/myrangen\/test\/\" \/>\n<meta property=\"og:locale\" content=\"sv_SE\" \/>\n<meta property=\"og:type\" content=\"article\" \/>\n<meta property=\"og:url\" content=\"https:\/\/pysslingen.se\/myrangen\/test\/\" \/>\n<meta property=\"og:site_name\" content=\"Myr\u00e4ngen\" \/>\n<meta property=\"article:modified_time\" content=\"2020-10-14T05:46:31+00:00\" \/>\n<meta name=\"twitter:card\" content=\"summary_large_image\" \/>\n<meta name=\"twitter:image\" content=\"https:\/\/pysslingen.se\/wp-content\/uploads\/sites\/12\/2020\/09\/utelekschemakort2.png\" \/>\n<script type=\"application\/ld+json\" class=\"yoast-schema-graph\">{\"@context\":\"https:\/\/schema.org\",\"@graph\":[{\"@type\":\"WebPage\",\"@id\":\"https:\/\/pysslingen.se\/myrangen\/test\/\",\"url\":\"https:\/\/pysslingen.se\/myrangen\/test\/\",\"name\":\"Test - Myr\u00e4ngen\",\"isPartOf\":{\"@id\":\"https:\/\/pysslingen.se\/myrangen\/#website\"},\"datePublished\":\"2020-10-02T14:19:18+00:00\",\"dateModified\":\"2020-10-14T05:46:31+00:00\",\"breadcrumb\":{\"@id\":\"https:\/\/pysslingen.se\/myrangen\/test\/#breadcrumb\"},\"inLanguage\":\"sv-SE\",\"potentialAction\":[{\"@type\":\"ReadAction\",\"target\":[\"https:\/\/pysslingen.se\/myrangen\/test\/\"]}]},{\"@type\":\"BreadcrumbList\",\"@id\":\"https:\/\/pysslingen.se\/myrangen\/test\/#breadcrumb\",\"itemListElement\":[{\"@type\":\"ListItem\",\"position\":1,\"name\":\"Start\",\"item\":\"https:\/\/pysslingen.se\/myrangen\/\"},{\"@type\":\"ListItem\",\"position\":2,\"name\":\"Test\"}]},{\"@type\":\"WebSite\",\"@id\":\"https:\/\/pysslingen.se\/myrangen\/#website\",\"url\":\"https:\/\/pysslingen.se\/myrangen\/\",\"name\":\"Myr\u00e4ngen\",\"description\":\"En trygg och stimulerande v\u00e4rld\",\"publisher\":{\"@id\":\"https:\/\/pysslingen.se\/myrangen\/#organization\"},\"potentialAction\":[{\"@type\":\"SearchAction\",\"target\":{\"@type\":\"EntryPoint\",\"urlTemplate\":\"https:\/\/pysslingen.se\/myrangen\/?s={search_term_string}\"},\"query-input\":\"required name=search_term_string\"}],\"inLanguage\":\"sv-SE\"},{\"@type\":\"Organization\",\"@id\":\"https:\/\/pysslingen.se\/myrangen\/#organization\",\"name\":\"Pysslingen F\u00f6rskolor\",\"url\":\"https:\/\/pysslingen.se\/myrangen\/\",\"logo\":{\"@type\":\"ImageObject\",\"inLanguage\":\"sv-SE\",\"@id\":\"https:\/\/pysslingen.se\/myrangen\/#\/schema\/logo\/image\/\",\"url\":\"https:\/\/pysslingen.se\/wp-content\/uploads\/2021\/05\/pysslingen-forskolor.png\",\"contentUrl\":\"https:\/\/pysslingen.se\/wp-content\/uploads\/2021\/05\/pysslingen-forskolor.png\",\"width\":1120,\"height\":630,\"caption\":\"Pysslingen F\u00f6rskolor\"},\"image\":{\"@id\":\"https:\/\/pysslingen.se\/myrangen\/#\/schema\/logo\/image\/\"}}]}<\/script>\n<!-- \/ Yoast SEO plugin. -->","yoast_head_json":{"title":"Myr\u00e4ngen","robots":{"index":"index","follow":"follow","max-snippet":"max-snippet:-1","max-image-preview":"max-image-preview:large","max-video-preview":"max-video-preview:-1"},"canonical":"https:\/\/pysslingen.se\/myrangen\/test\/","og_locale":"sv_SE","og_type":"article","og_url":"https:\/\/pysslingen.se\/myrangen\/test\/","og_site_name":"Myr\u00e4ngen","article_modified_time":"2020-10-14T05:46:31+00:00","twitter_card":"summary_large_image","twitter_image":"https:\/\/pysslingen.se\/wp-content\/uploads\/sites\/12\/2020\/09\/utelekschemakort2.png","schema":{"@context":"https:\/\/schema.org","@graph":[{"@type":"WebPage","@id":"https:\/\/pysslingen.se\/myrangen\/test\/","url":"https:\/\/pysslingen.se\/myrangen\/test\/","name":"Test - Myr\u00e4ngen","isPartOf":{"@id":"https:\/\/pysslingen.se\/myrangen\/#website"},"datePublished":"2020-10-02T14:19:18+00:00","dateModified":"2020-10-14T05:46:31+00:00","breadcrumb":{"@id":"https:\/\/pysslingen.se\/myrangen\/test\/#breadcrumb"},"inLanguage":"sv-SE","potentialAction":[{"@type":"ReadAction","target":["https:\/\/pysslingen.se\/myrangen\/test\/"]}]},{"@type":"BreadcrumbList","@id":"https:\/\/pysslingen.se\/myrangen\/test\/#breadcrumb","itemListElement":[{"@type":"ListItem","position":1,"name":"Start","item":"https:\/\/pysslingen.se\/myrangen\/"},{"@type":"ListItem","position":2,"name":"Test"}]},{"@type":"WebSite","@id":"https:\/\/pysslingen.se\/myrangen\/#website","url":"https:\/\/pysslingen.se\/myrangen\/","name":"Myr\u00e4ngen","description":"En trygg och stimulerande v\u00e4rld","publisher":{"@id":"https:\/\/pysslingen.se\/myrangen\/#organization"},"potentialAction":[{"@type":"SearchAction","target":{"@type":"EntryPoint","urlTemplate":"https:\/\/pysslingen.se\/myrangen\/?s={search_term_string}"},"query-input":"required name=search_term_string"}],"inLanguage":"sv-SE"},{"@type":"Organization","@id":"https:\/\/pysslingen.se\/myrangen\/#organization","name":"Pysslingen F\u00f6rskolor","url":"https:\/\/pysslingen.se\/myrangen\/","logo":{"@type":"ImageObject","inLanguage":"sv-SE","@id":"https:\/\/pysslingen.se\/myrangen\/#\/schema\/logo\/image\/","url":"https:\/\/pysslingen.se\/wp-content\/uploads\/2021\/05\/pysslingen-forskolor.png","contentUrl":"https:\/\/pysslingen.se\/wp-content\/uploads\/2021\/05\/pysslingen-forskolor.png","width":1120,"height":630,"caption":"Pysslingen F\u00f6rskolor"},"image":{"@id":"https:\/\/pysslingen.se\/myrangen\/#\/schema\/logo\/image\/"}}]}},"_links":{"self":[{"href":"https:\/\/pysslingen.se\/myrangen\/wp-json\/wp\/v2\/pages\/235"}],"collection":[{"href":"https:\/\/pysslingen.se\/myrangen\/wp-json\/wp\/v2\/pages"}],"about":[{"href":"https:\/\/pysslingen.se\/myrangen\/wp-json\/wp\/v2\/types\/page"}],"author":[{"embeddable":true,"href":"https:\/\/pysslingen.se\/myrangen\/wp-json\/wp\/v2\/users\/5"}],"replies":[{"embeddable":true,"href":"https:\/\/pysslingen.se\/myrangen\/wp-json\/wp\/v2\/comments?post=235"}],"version-history":[{"count":10,"href":"https:\/\/pysslingen.se\/myrangen\/wp-json\/wp\/v2\/pages\/235\/revisions"}],"predecessor-version":[{"id":384,"href":"https:\/\/pysslingen.se\/myrangen\/wp-json\/wp\/v2\/pages\/235\/revisions\/384"}],"wp:attachment":[{"href":"https:\/\/pysslingen.se\/myrangen\/wp-json\/wp\/v2\/media?parent=235"}],"curies":[{"name":"wp","href":"https:\/\/api.w.org\/{rel}","templated":true}]}}