{"id":22,"date":"2020-09-29T09:19:36","date_gmt":"2020-09-29T09:19:36","guid":{"rendered":"https:\/\/pysslingen.se\/mariatorget\/?page_id=22"},"modified":"2024-12-17T14:02:21","modified_gmt":"2024-12-17T13:02:21","slug":"kvalitetsarbete","status":"publish","type":"page","link":"https:\/\/pysslingen.se\/mariatorget\/kvalitetsarbete\/","title":{"rendered":"Kvalitetsarbete"},"content":{"rendered":"\n<h1 class=\"wp-block-heading\">P\u00e5 Mariatorget arbetar vi st\u00e4ndigt med v\u00e5r kvalitet<\/h1>\n\n\n\n\t<div class=\"module_wrapper ams_remote_pages_module \">\n\t\t\t\t\t\t\t<div class=\"container acf-preamble\">\n\t\t\t\t\t\t<div class=\"row\">\n\t\t\t\t\t\t\t<div class=\"col-12\">\n\t\t\t\t\t\t\t\t\n<p   class=\"site__ingress container text-left  site__text-color--dark  site__free_text--ingress p-0\">\n\tI Pysslingen F\u00f6rskolor handlar ett bra kvalitetsarbete om att st\u00e4ndigt utv\u00e4rdera den egna verksamheten f\u00f6r att f\u00f6rb\u00e4ttra och utveckla v\u00e5ra arbetss\u00e4tt, f\u00f6rskolans milj\u00f6er och dagarnas inneh\u00e5ll f\u00f6r v\u00e5ra barn. Sedan 1998 finns en l\u00e4roplan f\u00f6r f\u00f6rskolan. Den utg\u00f6r basen f\u00f6r planering, utv\u00e4rdering och utvecklingen av verksamheten.<\/p>\n\n\n\t\t\t\t\t\t\t<\/div>\n\t\t\t\t\t\t<\/div>\n\t\t\t\t\t<\/div>\n\t\t\t\t\t\t\t\t\t\t<div class=\"container core-spacer\">\n\t\t\t\t\t\t<div class=\"row\">\n\t\t\t\t\t\t\t<div class=\"col-12\">\n\t\t\t\t\t\t\t\t\n<div style=\"height:20px\" aria-hidden=\"true\" class=\"wp-block-spacer\"><\/div>\n\t\t\t\t\t\t\t<\/div>\n\t\t\t\t\t\t<\/div>\n\t\t\t\t\t<\/div>\n\t\t\t\t\t\t\t\t\t\t<div class=\"container core-paragraph\">\n\t\t\t\t\t\t<div class=\"row\">\n\t\t\t\t\t\t\t<div class=\"col-12\">\n\t\t\t\t\t\t\t\t\n<p>F\u00f6r att vi ska kunna erbjuda barnen en likv\u00e4rdig utbildning av h\u00f6g kvalitet, beh\u00f6ver kvalitetsarbetet vara systematiskt och f\u00f6lja en best\u00e4md plan med gemensamma avst\u00e4mningspunkter. Pysslingen har sedan starten 1986 kontinuerligt utvecklat sitt kvalitetsarbete.<\/p>\n\t\t\t\t\t\t\t<\/div>\n\t\t\t\t\t\t<\/div>\n\t\t\t\t\t<\/div>\n\t\t\t\t\t\t\t\t\t\t<div class=\"container core-paragraph\">\n\t\t\t\t\t\t<div class=\"row\">\n\t\t\t\t\t\t\t<div class=\"col-12\">\n\t\t\t\t\t\t\t\t\n<p>Det hj\u00e4lper oss att se till att v\u00e5ra barn f\u00e5r en utbildning av h\u00f6g kvalitet och d\u00e4rmed m\u00f6jlighet att utvecklas s\u00e5 l\u00e5ngt som m\u00f6jligt.&nbsp;<\/p>\n\t\t\t\t\t\t\t<\/div>\n\t\t\t\t\t\t<\/div>\n\t\t\t\t\t<\/div>\n\t\t\t\t\t\t\t\t\t\t<div class=\"container core-spacer\">\n\t\t\t\t\t\t<div class=\"row\">\n\t\t\t\t\t\t\t<div class=\"col-12\">\n\t\t\t\t\t\t\t\t\n<div style=\"height:32px\" aria-hidden=\"true\" class=\"wp-block-spacer\"><\/div>\n\t\t\t\t\t\t\t<\/div>\n\t\t\t\t\t\t<\/div>\n\t\t\t\t\t<\/div>\n\t\t\t\t\t\t\t\t\t\t<div class=\"container core-heading\">\n\t\t\t\t\t\t<div class=\"row\">\n\t\t\t\t\t\t\t<div class=\"col-12\">\n\t\t\t\t\t\t\t\t\n<h2 class=\"wp-block-heading\">V\u00e5ra verktyg f\u00f6r att utveckla kvaliteten<\/h2>\n\t\t\t\t\t\t\t<\/div>\n\t\t\t\t\t\t<\/div>\n\t\t\t\t\t<\/div>\n\t\t\t\t\t\t\t\t\t\t<div class=\"container core-paragraph\">\n\t\t\t\t\t\t<div class=\"row\">\n\t\t\t\t\t\t\t<div class=\"col-12\">\n\t\t\t\t\t\t\t\t\n<p>H\u00e4r kan du ta del av n\u00e5gra av v\u00e5ra verktyg som \u00e4r s\u00e4rskilt viktiga f\u00f6r att vi ska kunna utveckla och s\u00e4kerst\u00e4lla kvaliteten i v\u00e5ra f\u00f6rskolor.<\/p>\n\t\t\t\t\t\t\t<\/div>\n\t\t\t\t\t\t<\/div>\n\t\t\t\t\t<\/div>\n\t\t\t\t\t\t\t\t\t\t<div class=\"container core-columns\">\n\t\t\t\t\t\t<div class=\"row\">\n\t\t\t\t\t\t\t<div class=\"col-12\">\n\t\t\t\t\t\t\t\t\n<div class=\"wp-block-columns is-layout-flex wp-container-core-columns-layout-1 wp-block-columns-is-layout-flex\">\n<div class=\"wp-block-column is-layout-flow wp-block-column-is-layout-flow\">\n<h3 class=\"wp-block-heading\">Verksamhetsplan &#8211; vart ska vi och hur?<\/h3>\n\n\n\n<p>Verksamhetsplanen \u00e4r varje f\u00f6rskolas riktning och plan f\u00f6r utveckling av verksamheten. I augusti varje \u00e5r formuleras m\u00e5l och aktiviteter utifr\u00e5n en analys av f\u00f6rskolans utvecklingsomr\u00e5den. M\u00e5len f\u00f6ljs upp och analyseras under hela \u00e5ret.<\/p>\n\n\n\n<h3 class=\"wp-block-heading\">Kvalitetsrapport &#8211; hur blev det och varf\u00f6r?<\/h3>\n\n\n\n<p>I juni utv\u00e4rderas hela verksamhets\u00e5rets arbete. D\u00e5 g\u00f6r varje f\u00f6rskola en analys av resultaten f\u00f6r att se om de m\u00e5l och aktiviteter som varit fokus i verksamhetsplanen har n\u00e5tts, och om utveckling skett.&nbsp; Ur analysen i kvalitetsrapporten skapas sedan en ny verksamhetsplan i augusti, med nya m\u00e5l och aktiviteter samt en plan f\u00f6r l\u00f6pande analyser.<\/p>\n\n\n\n<h3 class=\"wp-block-heading\">PING &#8211; alla barn ska ha det alla barn har r\u00e4tt till<\/h3>\n\n\n\n<p>PING (Pedagogisk InventeriNG) \u00e4r v\u00e5rt eget sj\u00e4lvv\u00e4rderingsverktyg. Med verktygets hj\u00e4lp kan pedagoger och arbetslag, bed\u00f6ma undervisningens kvalitet, utifr\u00e5n de kvaliteter som l\u00e4roplanens m\u00e5l beskriver. Syftet \u00e4r att skapa de allra b\u00e4sta f\u00f6ruts\u00e4ttningarna f\u00f6r varje barns omsorg, utveckling och l\u00e4rande.<\/p>\n<\/div>\n\n\n\n<div class=\"wp-block-column is-layout-flow wp-block-column-is-layout-flow\">\n\t<style>\n\t\t.inner {\n\n\t\t\tmargin: 0 auto;\n\n\n\t\t}\n\t<\/style>\n\t<div\n\t\t class=\"container images-module\" >\n\t\t<div class=\"row images_module__slideshow\">\n\n\t\t\t<div\n\t\t\t\t\tclass=\"col-md-12 p-0 position-relative images_module__slideshow images_module__slideshow-container  \">\n\t\t\t\t<div class=\"images_module__slide\" data-slide=\"\"\n\t\t\t\t\t data-duration=\"\"><\/div>\n\t\t\t\t\t\t\t\t\t<div\n\t\t\t\t\t\t class=\"images_module__slides\n\n\t\t\t\t\t   \"\n\t\t\t\t\t>\n\n\t\t\t\t\t\t<div class=\"images__wrapper\" style=\"aspect-ratio: 851 \/ 851;\">\n\t\t\t\t\t\t\t<img decoding=\"async\" width=\"533\" height=\"800\" src=\"https:\/\/pysslingen.se\/wp-content\/uploads\/2020\/10\/kille-skrattar-m-traktor.jpg\" class=\"images__image_ratio  \" alt=\"Kille h\u00e5ller i en leksakstraktor och skrattar ute p\u00e5 g\u00e5rden.\" style=\"aspect-ratio: 851 \/ 851;object-position: _center-center;\" srcset=\"https:\/\/pysslingen.se\/wp-content\/uploads\/2020\/10\/kille-skrattar-m-traktor.jpg 533w, https:\/\/pysslingen.se\/wp-content\/uploads\/2020\/10\/kille-skrattar-m-traktor-200x300.jpg 200w, https:\/\/pysslingen.se\/wp-content\/uploads\/2020\/10\/kille-skrattar-m-traktor-446x670.jpg 446w\" sizes=\"(max-width: 533px) 100vw, 533px\" \/>\t\t\t\t\t\t<\/div>\n\t\t\t\t\t\t\n\n\t\t\t\t\t\t\t\t\t\t\t<\/div>\n\t\t\t\t\n\t\t\t\t<div class=\"images_module__container_dot\">\n\t\t\t\t\t<div style=\"text-align:center\">\n\n\n\t\t\t\t\t\t\t\t\t\t\t\t\t<span   data-i=\"0\"\n\t\t\t\t\t\t\t\t  class=\"\n\t\t\t\t\t\t\timages_module__dot\n\t\t\t\t\t\t\t\t\t\t\t\t\t\t\"\n\t\t\t\t\t\t\t><\/span>\n\t\t\t\t\t\t\t\t\t\t\t<\/div>\n\t\t\t\t<\/div>\n\n\n\t\t\t<\/div>\n\t\t<\/div>\n\t<\/div>\n\n\t\n\n\n<script>\n\tvar images_display_descriptive_text = \"\";\n<\/script>\n<\/div>\n<\/div>\n\t\t\t\t\t\t\t<\/div>\n\t\t\t\t\t\t<\/div>\n\t\t\t\t\t<\/div>\n\t\t\t\t\t\t\t\t\t\t<div class=\"container core-spacer\">\n\t\t\t\t\t\t<div class=\"row\">\n\t\t\t\t\t\t\t<div class=\"col-12\">\n\t\t\t\t\t\t\t\t\n<div style=\"height:28px\" aria-hidden=\"true\" class=\"wp-block-spacer\"><\/div>\n\t\t\t\t\t\t\t<\/div>\n\t\t\t\t\t\t<\/div>\n\t\t\t\t\t<\/div>\n\t\t\t\t\t\t\t\t\t\t<div class=\"container core-heading\">\n\t\t\t\t\t\t<div class=\"row\">\n\t\t\t\t\t\t\t<div class=\"col-12\">\n\t\t\t\t\t\t\t\t\n<h2 class=\"wp-block-heading\">S\u00e5 s\u00e4kerst\u00e4ller vi att verksamheten uppfyller v\u00e5ra h\u00f6gt st\u00e4llda krav<\/h2>\n\t\t\t\t\t\t\t<\/div>\n\t\t\t\t\t\t<\/div>\n\t\t\t\t\t<\/div>\n\t\t\t\t\t\t\t\t\t\t<div class=\"container core-columns\">\n\t\t\t\t\t\t<div class=\"row\">\n\t\t\t\t\t\t\t<div class=\"col-12\">\n\t\t\t\t\t\t\t\t\n<div class=\"wp-block-columns is-layout-flex wp-container-core-columns-layout-2 wp-block-columns-is-layout-flex\">\n<div class=\"wp-block-column is-layout-flow wp-block-column-is-layout-flow\">\n\t<style>\n\t\t.inner {\n\n\t\t\tmargin: 0 auto;\n\n\n\t\t}\n\t<\/style>\n\t<div\n\t\t class=\"container images-module\" >\n\t\t<div class=\"row images_module__slideshow\">\n\n\t\t\t<div\n\t\t\t\t\tclass=\"col-md-12 p-0 position-relative images_module__slideshow images_module__slideshow-container  \">\n\t\t\t\t<div class=\"images_module__slide\" data-slide=\"\"\n\t\t\t\t\t data-duration=\"\"><\/div>\n\t\t\t\t\t\t\t\t\t<div\n\t\t\t\t\t\t class=\"images_module__slides\n\n\t\t\t\t\t   \"\n\t\t\t\t\t>\n\n\t\t\t\t\t\t<div class=\"images__wrapper\" style=\"aspect-ratio: 851 \/ 851;\">\n\t\t\t\t\t\t\t<img decoding=\"async\" width=\"1000\" height=\"667\" src=\"https:\/\/pysslingen.se\/wp-content\/uploads\/2020\/10\/samarbete-duplo.jpg\" class=\"images__image_ratio  \" alt=\"Tv\u00e5 barn leker med duplo tillsammans utomhus.\" style=\"aspect-ratio: 851 \/ 851;object-position: _right-center;\" srcset=\"https:\/\/pysslingen.se\/wp-content\/uploads\/2020\/10\/samarbete-duplo.jpg 1000w, https:\/\/pysslingen.se\/wp-content\/uploads\/2020\/10\/samarbete-duplo-300x200.jpg 300w, https:\/\/pysslingen.se\/wp-content\/uploads\/2020\/10\/samarbete-duplo-768x512.jpg 768w\" sizes=\"(max-width: 1000px) 100vw, 1000px\" \/>\t\t\t\t\t\t<\/div>\n\t\t\t\t\t\t\n\n\t\t\t\t\t\t\t\t\t\t\t<\/div>\n\t\t\t\t\n\t\t\t\t<div class=\"images_module__container_dot\">\n\t\t\t\t\t<div style=\"text-align:center\">\n\n\n\t\t\t\t\t\t\t\t\t\t\t\t\t<span   data-i=\"0\"\n\t\t\t\t\t\t\t\t  class=\"\n\t\t\t\t\t\t\timages_module__dot\n\t\t\t\t\t\t\t\t\t\t\t\t\t\t\"\n\t\t\t\t\t\t\t><\/span>\n\t\t\t\t\t\t\t\t\t\t\t<\/div>\n\t\t\t\t<\/div>\n\n\n\t\t\t<\/div>\n\t\t<\/div>\n\t<\/div>\n\n\t\n\n\n<script>\n\tvar images_display_descriptive_text = \"\";\n<\/script>\n<\/div>\n\n\n\n<div class=\"wp-block-column is-layout-flow wp-block-column-is-layout-flow\">\n<h3 class=\"wp-block-heading\">Interngranskning<\/h3>\n\n\n\n<p>I Pysslingen F\u00f6rskolor genomf\u00f6rs interngranskning av samtliga f\u00f6rskolor. Det sker genom att utsedda granskare bes\u00f6ker f\u00f6rskolan f\u00f6r att g\u00f6ra en genomlysning av verksamhetens olika delar, utifr\u00e5n de lagkrav som styr f\u00f6rskolans inneh\u00e5ll och organisation.<\/p>\n\n\n\n<h3 class=\"wp-block-heading\">Tillsyn<\/h3>\n\n\n\n<p>Varje kommun d\u00e4r Pysslingen F\u00f6rskolor finns, granskar v\u00e5r verksamhet, genom \u00e5terkommande tillsyner med uppf\u00f6ljning av v\u00e5ra f\u00f6rskolors undervisning och organisation. I tillsynen synligg\u00f6rs och f\u00f6rs dialog om styrkor och utvecklingsomr\u00e5de. \u00c5tg\u00e4rder planeras d\u00e4r det beh\u00f6vs.<\/p>\n\n\n\n<h3 class=\"wp-block-heading\">Kollegial bed\u00f6mning<\/h3>\n\n\n\n<p>Varje \u00e5r l\u00e5ter vi v\u00e5ra kunniga f\u00f6rskoll\u00e4rare f\u00f6lja upp undervisningen p\u00e5 f\u00f6rskolorna. Det sker genom att man under tv\u00e5 dagar deltar i en annan f\u00f6rskolas verksamhet, f\u00f6r att titta n\u00e4rmare p\u00e5 hur aktiviteter och uppf\u00f6ljning av barnens m\u00f6jligheter till l\u00e4rande sker. Efter avslutat bes\u00f6k sker \u00e5terkoppling av resultatet till f\u00f6rskolans ledning och pedagoger, som anv\u00e4nder den spegling de f\u00e5tt, i vidare utveckling p\u00e5 f\u00f6rskolan.<\/p>\n<\/div>\n<\/div>\n\t\t\t\t\t\t\t<\/div>\n\t\t\t\t\t\t<\/div>\n\t\t\t\t\t<\/div>\n\t\t\t\t\t\n<style>\n\n\t@media only screen and (max-width: 1100px) {\n\t\t.header_five .hero__img-overlay,\n\t\t.header_six .hero__img-overlay {\n\t\t\tbackground-repeat: no-repeat;\n\t\t\tbackground-attachment: fixed;\n\t\t\tbackground-position: center top;\n\t\t}\n\t}\n\n\/* module_wrapper\nmodule-expand *\/\n<\/style>\n<section class=\"entry-header header-mod module_wrapper header_two full_height\" >\n\t<div role=\"banner\" arial-label=\"Hero Banner\"   class=\"ams_hero variant_one  site__secondary-bg--25  \" style=\"background-image:url();\">\n\t\t\n\t\t<div class=\"hero__img-overlay\">\n\t\t\t\t\t\t\t\t\t\t\t\t\n\t\t\t\t\t<picture aria-label=\"Image Banner\" id=\"hero-picture\">\n\t\t\t\t\t\t\t\t\t\t\t<img decoding=\"async\" src=\"https:\/\/pysslingen.se\/wp-content\/uploads\/2020\/10\/pedagog-och-barn-i-sandladan.jpg\" class=\"hero__bg hero_animate\" alt=\"Pedagog och barn leker och skrattar i sandl\u00e5dan.\" srcset=\"https:\/\/pysslingen.se\/wp-content\/uploads\/2020\/10\/pedagog-och-barn-i-sandladan.jpg 1000w, https:\/\/pysslingen.se\/wp-content\/uploads\/2020\/10\/pedagog-och-barn-i-sandladan-300x200.jpg 300w, https:\/\/pysslingen.se\/wp-content\/uploads\/2020\/10\/pedagog-och-barn-i-sandladan-768x512.jpg 768w\" sizes=\"(max-width: 1000px) 100vw, 1000px\" \/>\n\t\t\t\t\t\t\n\t\t\t\t\t\t\t\t\t\t\t<\/picture>\n\t\t\t\t\t\t\t\t\n\t\t\t<div class=\"hero__overlay--school\"><\/div>\n\t\t<\/div>\n\n\t\t\t\t<div class=\"container_width--full_width_conIcon  container-full noblaskolan d-md-block \">\n\t\t\t<div class=\"hero_text_wrapper  cpt-60 \" style=\"border-color:#ff503c;\">\n\t\t\t\t<div   class=\"hero_text module-expand\">\n\t\t\t\t\t\t\t\t\t\t\t\t\t\t\t\t\t\t<h2   class=\"heading site__heading-size-1   site__text-color \">\n\t\t\t\t\t\t\t\tNolltolerans mot diskriminering och kr\u00e4nkning\t\t\t\t\t\t\t\t\t<div tabindex=\"0.01\" class=\"site__subheading-1 font-weight-normal  site__text-color  mb-3 mb-md-4\">\n\t\t\t\t\t\t\t\tI Pysslingen F\u00f6rskolor ska inte n\u00e5got barn eller n\u00e5gon vuxen diskrimineras eller kr\u00e4nkas\t\t\t\t\t\t<\/div>\n\t\t\t\t\t\t\t<\/h2>\n\t\t\t\t\t\t\t\t\t\t\t\t\t\t\t\t\t\t\t\n\n\t\t\t\t\t\t\t\t\t\t\t\t\t<div class=\"hero__school-intro  site__text-color--dark  cmb-50\">\n\t\t\t\t\t\t\t\t<div   class=\"anchor_classes_div\" data-cta=\" nostyle site__a_cta \"\n\t\t\t\t\t\t\t\t\t\tdata-theme=\" nostyle site__a_text \"\n\t\t\t\t\t\t\t\t\t\tdata-darklight=\" nostyle site__a_dark \">\n\t\t\t\t\t\t\t\t\t<p style=\"text-align: left;\">Det konkreta arbetet p\u00e5 f\u00f6rskolan med att motverka och \u00e5tg\u00e4rda upplevelser av diskriminering och kr\u00e4nkningar, sker i olika steg. Grunden f\u00f6r trygghet l\u00e4ggs genom att pedagogerna medvetet och dagligen formar en samvaro, d\u00e4r barn och vuxna respekterar varandra och d\u00e4r ingen diskrimineras eller kr\u00e4nks.<\/p>\n<p style=\"text-align: left;\">N\u00e4sta steg \u00e4r pedagogernas systematiska arbete med att genomf\u00f6ra trygghetsvandringar tillsammans med barnen, f\u00f6r att ta reda p\u00e5 hur barnen sj\u00e4lva upplever och\u00a0 beskriver sin milj\u00f6. Kanske har vi vuxna missat n\u00e5gon viktig del?<\/p>\n<p style=\"text-align: left;\">D\u00e4refter f\u00f6ljer arbetet med att \u00e5tg\u00e4rda det som upplevs otryggt p\u00e5 f\u00f6rskolan, tills dess att barn och vuxna \u00e4r \u00f6verens om att milj\u00f6n k\u00e4nns trygg f\u00f6r alla.<\/p>\n<p style=\"text-align: left;\">F\u00f6rutom det systematiska f\u00f6rebyggande arbetet, agerar Pysslingen F\u00f6rskolors pedagoger och ledare alltid omg\u00e5ende, n\u00e4r de f\u00e5r information om att n\u00e5gon upplever att en kr\u00e4nkning eller diskriminering har skett. H\u00e4ndelsen utreds grundligt och n\u00f6dv\u00e4ndiga \u00e5tg\u00e4rder vidtas.<\/p>\n\t\t\t\t\t\t\t\t<\/div>\n\t\t\t\t\t\t\t<\/div>\n\t\t\t\t\t\t\n\t\t\t\t\t\t<p   class=\"lead\">\n\t\t\t\t\t\t\t\n\t\t\t\t\t\t\t\t\t\t\t\t\t<\/p>\n\n\t\t\t\t\t\t<div class=\"hero__space\"><\/div>\n\n\t\t\t\t<\/div>\n\t\t\t<\/div>\n\n\t\t\t\t\t<\/div>\n\n\t\t\t\t\t<div class=\"hero__school-inner-overlay  site__secondary-bg--25  filter_opacity\" style=\"opacity:100\"><\/div>\n\t\t\t<\/div>\n<\/section><!-- .entry-header -->\n\t<\/div>\n\n\t\n\n\n\n<section  class=\"ams-cta ams-cta--stacked c-block l-stacked\">\n\t<div class=\"l-container l-stack l-stack-fluid-2xl u-pt-fluid-md-xl u-pb-fluid-md-xl is-center is-center@md\">\n\t\t\t\t\t<div class=\"ams-cta__intro l-stack l-stack-lg\">\n\t\t\t\t\t\n\t<h2\n\tclass=\"c-heading u-font-title-1 \"\n\tstyle=\"\">\n\t\t\n\t\t\t\t\tV\u00e5rdnadshavarunders\u00f6kning\n\t\t\t\t\n\t<\/h2>\n\n\t\t\t\t\t\t\t\t\t<div class=\"c-text l-stack u-cs-xl u-font-body\">\n\t\t\t\t\t\t<p><span style=\"font-weight: 400;\">I b\u00f6rjan av varje \u00e5r ber vi dig som v\u00e5rdnadshavare att besvara en enk\u00e4t om hur du upplever v\u00e5r verksamhet. Resultatet ligger sedan till grund f\u00f6r f\u00f6rskolans utvecklingsarbete under resten av \u00e5ret.<\/span><\/p>\n\n\t\t\t\t\t<\/div>\n\t\t\t\t\t\t\t<\/div>\n\t\t\n\t\t\n\t\t\t<div class=\"ams-cta__action u-inline-items\">\n\t\t\t\t\t\t\t\n\n\n<a href=\"https:\/\/pysslingen.se\/mariatorget\/resultat\/\"\n\t\n\tclass=\"c-btn \"\n\tdata-style=\"rounded\"\n\tdata-size=\"md\"\n\tdata-width=\"full-mobile\"\n\tdata-variant=\"default\"\n\ttarget=\"_self\">\n\t\t\t<span class=\"label\"> Se v\u00e5ra resultat<\/span>\n\t\t\t<\/a>\n\t\t\t<\/div>\n\t<\/div>\n\n\t\t\n\n<\/section>\n","protected":false},"excerpt":{"rendered":"<p>P\u00e5 Mariatorget arbetar vi st\u00e4ndigt med v\u00e5r kvalitet<\/p>\n","protected":false},"author":3,"featured_media":0,"parent":0,"menu_order":0,"comment_status":"closed","ping_status":"closed","template":"","meta":{"footnotes":""},"yoast_head":"<!-- This site is optimized with the Yoast SEO plugin v22.0 - https:\/\/yoast.com\/wordpress\/plugins\/seo\/ -->\n<title>Mariatorget<\/title>\n<meta name=\"description\" content=\"P\u00e5 Mariatorget handlar ett bra kvalitetsarbete om att st\u00e4ndigt f\u00f6rb\u00e4ttra och utveckla v\u00e5ra arbetss\u00e4tt, f\u00f6rskolans milj\u00f6er och dagarnas inneh\u00e5ll.\" \/>\n<meta name=\"robots\" content=\"index, follow, max-snippet:-1, max-image-preview:large, max-video-preview:-1\" \/>\n<link rel=\"canonical\" href=\"https:\/\/pysslingen.se\/mariatorget\/kvalitetsarbete\/\" \/>\n<meta property=\"og:locale\" content=\"sv_SE\" \/>\n<meta property=\"og:type\" content=\"article\" \/>\n<meta property=\"og:description\" content=\"P\u00e5 Mariatorget handlar ett bra kvalitetsarbete om att st\u00e4ndigt f\u00f6rb\u00e4ttra och utveckla v\u00e5ra arbetss\u00e4tt, f\u00f6rskolans milj\u00f6er och dagarnas inneh\u00e5ll.\" \/>\n<meta property=\"og:url\" content=\"https:\/\/pysslingen.se\/mariatorget\/kvalitetsarbete\/\" \/>\n<meta property=\"og:site_name\" content=\"Mariatorget\" \/>\n<meta property=\"article:modified_time\" content=\"2024-12-17T13:02:21+00:00\" \/>\n<meta name=\"twitter:card\" content=\"summary_large_image\" \/>\n<meta name=\"twitter:description\" content=\"P\u00e5 Mariatorget handlar ett bra kvalitetsarbete om att st\u00e4ndigt f\u00f6rb\u00e4ttra och utveckla v\u00e5ra arbetss\u00e4tt, f\u00f6rskolans milj\u00f6er och dagarnas inneh\u00e5ll.\" \/>\n<meta name=\"twitter:label1\" content=\"Ber\u00e4knad l\u00e4stid\" \/>\n\t<meta name=\"twitter:data1\" content=\"1 minut\" \/>\n<script type=\"application\/ld+json\" class=\"yoast-schema-graph\">{\"@context\":\"https:\/\/schema.org\",\"@graph\":[{\"@type\":\"WebPage\",\"@id\":\"https:\/\/pysslingen.se\/mariatorget\/kvalitetsarbete\/\",\"url\":\"https:\/\/pysslingen.se\/mariatorget\/kvalitetsarbete\/\",\"name\":\"Kvalitetsarbete - Mariatorget\",\"isPartOf\":{\"@id\":\"https:\/\/pysslingen.se\/mariatorget\/#website\"},\"datePublished\":\"2020-09-29T09:19:36+00:00\",\"dateModified\":\"2024-12-17T13:02:21+00:00\",\"description\":\"P\u00e5 Mariatorget handlar ett bra kvalitetsarbete om att st\u00e4ndigt f\u00f6rb\u00e4ttra och utveckla v\u00e5ra arbetss\u00e4tt, f\u00f6rskolans milj\u00f6er och dagarnas inneh\u00e5ll.\",\"breadcrumb\":{\"@id\":\"https:\/\/pysslingen.se\/mariatorget\/kvalitetsarbete\/#breadcrumb\"},\"inLanguage\":\"sv-SE\",\"potentialAction\":[{\"@type\":\"ReadAction\",\"target\":[\"https:\/\/pysslingen.se\/mariatorget\/kvalitetsarbete\/\"]}]},{\"@type\":\"BreadcrumbList\",\"@id\":\"https:\/\/pysslingen.se\/mariatorget\/kvalitetsarbete\/#breadcrumb\",\"itemListElement\":[{\"@type\":\"ListItem\",\"position\":1,\"name\":\"Start\",\"item\":\"https:\/\/pysslingen.se\/mariatorget\/\"},{\"@type\":\"ListItem\",\"position\":2,\"name\":\"Kvalitetsarbete\"}]},{\"@type\":\"WebSite\",\"@id\":\"https:\/\/pysslingen.se\/mariatorget\/#website\",\"url\":\"https:\/\/pysslingen.se\/mariatorget\/\",\"name\":\"Mariatorget\",\"description\":\"En trygg och stimulerande v\u00e4rld\",\"publisher\":{\"@id\":\"https:\/\/pysslingen.se\/mariatorget\/#organization\"},\"potentialAction\":[{\"@type\":\"SearchAction\",\"target\":{\"@type\":\"EntryPoint\",\"urlTemplate\":\"https:\/\/pysslingen.se\/mariatorget\/?s={search_term_string}\"},\"query-input\":\"required name=search_term_string\"}],\"inLanguage\":\"sv-SE\"},{\"@type\":\"Organization\",\"@id\":\"https:\/\/pysslingen.se\/mariatorget\/#organization\",\"name\":\"Pysslingen F\u00f6rskolor\",\"url\":\"https:\/\/pysslingen.se\/mariatorget\/\",\"logo\":{\"@type\":\"ImageObject\",\"inLanguage\":\"sv-SE\",\"@id\":\"https:\/\/pysslingen.se\/mariatorget\/#\/schema\/logo\/image\/\",\"url\":\"https:\/\/pysslingen.se\/wp-content\/uploads\/2021\/05\/pysslingen-forskolor.png\",\"contentUrl\":\"https:\/\/pysslingen.se\/wp-content\/uploads\/2021\/05\/pysslingen-forskolor.png\",\"width\":1120,\"height\":630,\"caption\":\"Pysslingen F\u00f6rskolor\"},\"image\":{\"@id\":\"https:\/\/pysslingen.se\/mariatorget\/#\/schema\/logo\/image\/\"}}]}<\/script>\n<!-- \/ Yoast SEO plugin. -->","yoast_head_json":{"title":"Mariatorget","description":"P\u00e5 Mariatorget handlar ett bra kvalitetsarbete om att st\u00e4ndigt f\u00f6rb\u00e4ttra och utveckla v\u00e5ra arbetss\u00e4tt, f\u00f6rskolans milj\u00f6er och dagarnas inneh\u00e5ll.","robots":{"index":"index","follow":"follow","max-snippet":"max-snippet:-1","max-image-preview":"max-image-preview:large","max-video-preview":"max-video-preview:-1"},"canonical":"https:\/\/pysslingen.se\/mariatorget\/kvalitetsarbete\/","og_locale":"sv_SE","og_type":"article","og_description":"P\u00e5 Mariatorget handlar ett bra kvalitetsarbete om att st\u00e4ndigt f\u00f6rb\u00e4ttra och utveckla v\u00e5ra arbetss\u00e4tt, f\u00f6rskolans milj\u00f6er och dagarnas inneh\u00e5ll.","og_url":"https:\/\/pysslingen.se\/mariatorget\/kvalitetsarbete\/","og_site_name":"Mariatorget","article_modified_time":"2024-12-17T13:02:21+00:00","twitter_card":"summary_large_image","twitter_description":"P\u00e5 Mariatorget handlar ett bra kvalitetsarbete om att st\u00e4ndigt f\u00f6rb\u00e4ttra och utveckla v\u00e5ra arbetss\u00e4tt, f\u00f6rskolans milj\u00f6er och dagarnas inneh\u00e5ll.","twitter_misc":{"Ber\u00e4knad l\u00e4stid":"1 minut"},"schema":{"@context":"https:\/\/schema.org","@graph":[{"@type":"WebPage","@id":"https:\/\/pysslingen.se\/mariatorget\/kvalitetsarbete\/","url":"https:\/\/pysslingen.se\/mariatorget\/kvalitetsarbete\/","name":"Kvalitetsarbete - Mariatorget","isPartOf":{"@id":"https:\/\/pysslingen.se\/mariatorget\/#website"},"datePublished":"2020-09-29T09:19:36+00:00","dateModified":"2024-12-17T13:02:21+00:00","description":"P\u00e5 Mariatorget handlar ett bra kvalitetsarbete om att st\u00e4ndigt f\u00f6rb\u00e4ttra och utveckla v\u00e5ra arbetss\u00e4tt, f\u00f6rskolans milj\u00f6er och dagarnas inneh\u00e5ll.","breadcrumb":{"@id":"https:\/\/pysslingen.se\/mariatorget\/kvalitetsarbete\/#breadcrumb"},"inLanguage":"sv-SE","potentialAction":[{"@type":"ReadAction","target":["https:\/\/pysslingen.se\/mariatorget\/kvalitetsarbete\/"]}]},{"@type":"BreadcrumbList","@id":"https:\/\/pysslingen.se\/mariatorget\/kvalitetsarbete\/#breadcrumb","itemListElement":[{"@type":"ListItem","position":1,"name":"Start","item":"https:\/\/pysslingen.se\/mariatorget\/"},{"@type":"ListItem","position":2,"name":"Kvalitetsarbete"}]},{"@type":"WebSite","@id":"https:\/\/pysslingen.se\/mariatorget\/#website","url":"https:\/\/pysslingen.se\/mariatorget\/","name":"Mariatorget","description":"En trygg och stimulerande v\u00e4rld","publisher":{"@id":"https:\/\/pysslingen.se\/mariatorget\/#organization"},"potentialAction":[{"@type":"SearchAction","target":{"@type":"EntryPoint","urlTemplate":"https:\/\/pysslingen.se\/mariatorget\/?s={search_term_string}"},"query-input":"required name=search_term_string"}],"inLanguage":"sv-SE"},{"@type":"Organization","@id":"https:\/\/pysslingen.se\/mariatorget\/#organization","name":"Pysslingen F\u00f6rskolor","url":"https:\/\/pysslingen.se\/mariatorget\/","logo":{"@type":"ImageObject","inLanguage":"sv-SE","@id":"https:\/\/pysslingen.se\/mariatorget\/#\/schema\/logo\/image\/","url":"https:\/\/pysslingen.se\/wp-content\/uploads\/2021\/05\/pysslingen-forskolor.png","contentUrl":"https:\/\/pysslingen.se\/wp-content\/uploads\/2021\/05\/pysslingen-forskolor.png","width":1120,"height":630,"caption":"Pysslingen F\u00f6rskolor"},"image":{"@id":"https:\/\/pysslingen.se\/mariatorget\/#\/schema\/logo\/image\/"}}]}},"_links":{"self":[{"href":"https:\/\/pysslingen.se\/mariatorget\/wp-json\/wp\/v2\/pages\/22"}],"collection":[{"href":"https:\/\/pysslingen.se\/mariatorget\/wp-json\/wp\/v2\/pages"}],"about":[{"href":"https:\/\/pysslingen.se\/mariatorget\/wp-json\/wp\/v2\/types\/page"}],"author":[{"embeddable":true,"href":"https:\/\/pysslingen.se\/mariatorget\/wp-json\/wp\/v2\/users\/3"}],"replies":[{"embeddable":true,"href":"https:\/\/pysslingen.se\/mariatorget\/wp-json\/wp\/v2\/comments?post=22"}],"version-history":[{"count":10,"href":"https:\/\/pysslingen.se\/mariatorget\/wp-json\/wp\/v2\/pages\/22\/revisions"}],"predecessor-version":[{"id":1439,"href":"https:\/\/pysslingen.se\/mariatorget\/wp-json\/wp\/v2\/pages\/22\/revisions\/1439"}],"wp:attachment":[{"href":"https:\/\/pysslingen.se\/mariatorget\/wp-json\/wp\/v2\/media?parent=22"}],"curies":[{"name":"wp","href":"https:\/\/api.w.org\/{rel}","templated":true}]}}