{"id":1151,"date":"2023-10-05T12:04:00","date_gmt":"2023-10-05T12:04:00","guid":{"rendered":"https:\/\/pysslingen.se\/knatteborgen\/?page_id=1151"},"modified":"2023-10-05T12:04:02","modified_gmt":"2023-10-05T12:04:02","slug":"bli-en-del-av-pysslingen","status":"publish","type":"page","link":"https:\/\/pysslingen.se\/knatteborgen\/bli-en-del-av-pysslingen\/","title":{"rendered":"Bli en del av Pysslingen"},"content":{"rendered":"\n\t<div class=\"module_wrapper ams_remote_pages_module \">\n\t\t\n<style>\n\n\t@media only screen and (max-width: 1100px) {\n\t\t.header_five .hero__img-overlay,\n\t\t.header_six .hero__img-overlay {\n\t\t\tbackground-repeat: no-repeat;\n\t\t\tbackground-attachment: fixed;\n\t\t\tbackground-position: center top;\n\t\t}\n\t}\n\n\/* module_wrapper\nmodule-expand *\/\n<\/style>\n<section class=\"entry-header header-mod module_wrapper header_one full_height\" >\n\t<div role=\"banner\" arial-label=\"Hero Banner\"   class=\"ams_hero variant_one  \" style=\"background-image:url();\">\n\t\t\n\t\t<div class=\"hero__img-overlay\">\n\t\t\t\t\t\t\t\t\t\t\t\t\n\t\t\t\t\t<picture aria-label=\"Image Banner\" id=\"hero-picture\">\n\t\t\t\t\t\t\t\t\t\t\t<img decoding=\"async\" src=\"https:\/\/pysslingen.se\/wp-content\/uploads\/2023\/09\/barn-e1693813527485.jpg\" class=\"hero__bg hero_animate\" alt=\"gungande barn med pedagog\" srcset=\"https:\/\/pysslingen.se\/wp-content\/uploads\/2023\/09\/barn-e1693813527485.jpg 1111w, https:\/\/pysslingen.se\/wp-content\/uploads\/2023\/09\/barn-e1693813527485-300x234.jpg 300w, https:\/\/pysslingen.se\/wp-content\/uploads\/2023\/09\/barn-e1693813527485-1024x799.jpg 1024w, https:\/\/pysslingen.se\/wp-content\/uploads\/2023\/09\/barn-e1693813527485-768x599.jpg 768w, https:\/\/pysslingen.se\/wp-content\/uploads\/2023\/09\/barn-e1693813527485-500x390.jpg 500w, https:\/\/pysslingen.se\/wp-content\/uploads\/2023\/09\/barn-e1693813527485-293x229.jpg 293w, https:\/\/pysslingen.se\/wp-content\/uploads\/2023\/09\/barn-e1693813527485-340x265.jpg 340w, https:\/\/pysslingen.se\/wp-content\/uploads\/2023\/09\/barn-e1693813527485-1100x858.jpg 1100w, https:\/\/pysslingen.se\/wp-content\/uploads\/2023\/09\/barn-e1693813527485-859x670.jpg 859w\" sizes=\"(max-width: 1111px) 100vw, 1111px\" \/>\n\t\t\t\t\t\t\n\t\t\t\t\t\t\t\t\t\t\t<\/picture>\n\t\t\t\t\t\t\t\t\n\t\t\t<div class=\"hero__overlay--school\"><\/div>\n\t\t<\/div>\n\n\t\t\t\t<div class=\"container_width--full_width_conIcon  container-full noblaskolan d-md-block \">\n\t\t\t<div class=\"hero_text_wrapper  cpt-60 noblaskolan-border-6\" style=\"border-color:#ff503c;\">\n\t\t\t\t<div   class=\"hero_text module-expand\">\n\t\t\t\t\t\t\t\t\t\t\t\t\t\t\t\t\t\t<h1   class=\"heading site__heading-size-1  site__text-color \">\n\t\t\t\t\t\t\t\tBli en del av Pysslingen F\u00f6rskolor\t\t\t\t\t\t\t\t<div tabindex=\"0.01\" class=\"site__subheading-1 font-weight-normal  site__text-color  mb-3 mb-md-4\">\n\t\t\t\t\t\t\t\t\t\t\t\t\t\t\t\t\t<\/div>\n\t\t\t\t\t\t\t<\/h1>\n\t\t\t\t\t\t\t\t\t\t\t\t\t\t\t\t\t\t\t\n\n\t\t\t\t\t\t\t\t\t\t\t\t\t<div class=\"hero__school-intro  site__text-color--dark  cmb-50\">\n\t\t\t\t\t\t\t\t<div   class=\"anchor_classes_div\" data-cta=\" nostyle site__a_cta \"\n\t\t\t\t\t\t\t\t\t\tdata-theme=\" nostyle site__a_text \"\n\t\t\t\t\t\t\t\t\t\tdata-darklight=\" nostyle site__a_dark \">\n\t\t\t\t\t\t\t\t\t<p>Funderar ni p\u00e5 att s\u00e4lja er f\u00f6rskola? Varf\u00f6r inte bli en del av Pysslingen F\u00f6rskolor &#8211; Sveriges st\u00f6rsta och \u00e4ldsta akt\u00f6r inom frist\u00e5ende f\u00f6rskolor? \u00c4nda sedan starten f\u00f6r \u00f6ver 30 \u00e5r sedan har vi haft siktet inst\u00e4llt p\u00e5 att skapa den b\u00e4sta f\u00f6rskolan f\u00f6r alla barn.<\/p>\n<p>Pysslingen har mer \u00e4n 100 f\u00f6rskolor i Stockholm, M\u00e4lardalen, \u00d6stersund, Halmstad och Sk\u00e5ne. Det som f\u00f6renar oss \u00e4r v\u00e5r gemensamma v\u00e4rdegrund, v\u00e5rt kvalitetsarbete och v\u00e5rt omsorgsfulla l\u00e4rande.<\/p>\n<p>Alla v\u00e5ra f\u00f6rskolor drivs utifr\u00e5n sina egna lokala f\u00f6ruts\u00e4ttningar. Vi \u00e4r en del av AcadeMedia, norra Europas st\u00f6rsta utbildningsf\u00f6retag, och f\u00f6renar det lokala perspektivet med f\u00f6rdelarna av att vara ett starkt f\u00f6retag.<\/p>\n<p>Vi ber\u00e4ttar g\u00e4rna mer om hur det g\u00e5r till att \u00f6verl\u00e5ta driften av er f\u00f6rskola till oss, v\u00e4lkommen att h\u00f6ra av er!<\/p>\n\t\t\t\t\t\t\t\t<\/div>\n\t\t\t\t\t\t\t<\/div>\n\t\t\t\t\t\t\n\t\t\t\t\t\t<p   class=\"lead\">\n\t\t\t\t\t\t\t\n\t\t\t\t\t\t\t\t\t\t\t\t\t<\/p>\n\n\t\t\t\t\t\t<div class=\"hero__space\"><\/div>\n\n\t\t\t\t<\/div>\n\t\t\t<\/div>\n\n\t\t\t\t\t<\/div>\n\n\t\t\t<\/div>\n<\/section><!-- .entry-header -->\n\t\t\t\t\t<div class=\"container core-heading\">\n\t\t\t\t\t\t<div class=\"row\">\n\t\t\t\t\t\t\t<div class=\"col-12\">\n\t\t\t\t\t\t\t\t\n<h2 class=\"wp-block-heading\">Fokus p\u00e5 kvalitet<\/h2>\n\t\t\t\t\t\t\t<\/div>\n\t\t\t\t\t\t<\/div>\n\t\t\t\t\t<\/div>\n\t\t\t\t\t\t\t\t\t\t<div class=\"container core-paragraph\">\n\t\t\t\t\t\t<div class=\"row\">\n\t\t\t\t\t\t\t<div class=\"col-12\">\n\t\t\t\t\t\t\t\t\n<p>I Pysslingen redovisar vi \u00f6ppet alla v\u00e5ra resultat, styrkor och utvecklingsomr\u00e5den. Denna \u00f6ppenhet triggar oss sj\u00e4lva att hela tiden bli b\u00e4ttre och g\u00f6r det m\u00f6jligt f\u00f6r f\u00f6r\u00e4ldrar och medarbetare att se vad de f\u00e5r n\u00e4r de v\u00e4ljer v\u00e5ra f\u00f6rskolor.<\/p>\n\t\t\t\t\t\t\t<\/div>\n\t\t\t\t\t\t<\/div>\n\t\t\t\t\t<\/div>\n\t\t\t\t\t\t\t\t\t\t<div class=\"container core-heading\">\n\t\t\t\t\t\t<div class=\"row\">\n\t\t\t\t\t\t\t<div class=\"col-12\">\n\t\t\t\t\t\t\t\t\n<h2 class=\"wp-block-heading\">V\u00e5ra medarbetare<\/h2>\n\t\t\t\t\t\t\t<\/div>\n\t\t\t\t\t\t<\/div>\n\t\t\t\t\t<\/div>\n\t\t\t\t\t\t\t\t\t\t<div class=\"container core-paragraph\">\n\t\t\t\t\t\t<div class=\"row\">\n\t\t\t\t\t\t\t<div class=\"col-12\">\n\t\t\t\t\t\t\t\t\n<p>Vi vet vad som kr\u00e4vs f\u00f6r att f\u00e5 barn att k\u00e4nna sig trygga och utvecklas. Det \u00e4r v\u00e5ra pedagogers fr\u00e4msta drivkraft. Att utveckla v\u00e5ra medarbetare \u00e4r minst lika viktigt och d\u00e4rf\u00f6r satsar vi mycket p\u00e5 att h\u00f6ja kompetensen hos v\u00e5ra medarbetare. N\u00e5gra exempel \u00e4r genom kollegialt l\u00e4rande, vidareutbildning och n\u00e4tverk.<\/p>\n\t\t\t\t\t\t\t<\/div>\n\t\t\t\t\t\t<\/div>\n\t\t\t\t\t<\/div>\n\t\t\t\t\t\t\t\t\t\t<div class=\"container core-heading\">\n\t\t\t\t\t\t<div class=\"row\">\n\t\t\t\t\t\t\t<div class=\"col-12\">\n\t\t\t\t\t\t\t\t\n<h2 class=\"wp-block-heading\">Ledningsteam<\/h2>\n\t\t\t\t\t\t\t<\/div>\n\t\t\t\t\t\t<\/div>\n\t\t\t\t\t<\/div>\n\t\t\t\t\t\t\t\t\t\t<div class=\"container core-paragraph\">\n\t\t\t\t\t\t<div class=\"row\">\n\t\t\t\t\t\t\t<div class=\"col-12\">\n\t\t\t\t\t\t\t\t\n<p>Varje f\u00f6rskola inom Pysslingen leds av en rektor som ansvarar f\u00f6r 2-6 f\u00f6rskolor. Rektor arbetar i allm\u00e4nhet n\u00e4ra en bitr\u00e4dande rektor och en intendent, ibland ocks\u00e5 tillsammans med en kvalitetsledare, i ett ledningsteam. P\u00e5 varje f\u00f6rskola finns \u00e4ven en samordnare. Tack vare denna organisation har alla medarbetare p\u00e5 den enskilda f\u00f6rskolan tillg\u00e5ng till olika ledningskompetenser f\u00f6r st\u00f6d och hj\u00e4lp d\u00e4r beslut ofta tas med korta ledtider.<\/p>\n\t\t\t\t\t\t\t<\/div>\n\t\t\t\t\t\t<\/div>\n\t\t\t\t\t<\/div>\n\t\t\t\t\t\t\t\t\t\t<div class=\"container core-paragraph\">\n\t\t\t\t\t\t<div class=\"row\">\n\t\t\t\t\t\t\t<div class=\"col-12\">\n\t\t\t\t\t\t\t\t\n<p><a href=\"https:\/\/pysslingen.se\/om\/\" target=\"_blank\" rel=\"noreferrer noopener\">H\u00e4r<\/a><a href=\"https:\/\/pysslingen.se\/om\/\"> <\/a>kan du l\u00e4sa mer om Pysslingen och vad vi erbjuder.<\/p>\n\t\t\t\t\t\t\t<\/div>\n\t\t\t\t\t\t<\/div>\n\t\t\t\t\t<\/div>\n\t\t\t\t\t\n<section \n\t\t class=\"\n\t\t ams-contact\n\t\t \n\t\t c-block l-stacked\n\t\t \n\t\t \n\t\t js-load-more\n\t\t \"\n\t\t data-color-scheme=\"\"\n\t\t\t\t\tdata-count=\"3\"\n\t\t\t\t\t\t\tdata-count-mobile=\"2\"\n\t\t\t\t>\n\t<div\n\t\t class=\"\n\t\t l-container\n\t\t l-stack l-stack-fluid-2xl\n\t\t u-pt-fluid-3xl-6xl\n\t\t u-pb-fluid-3xl-6xl\n\t\t is-center\n\t\t is-center@md\n\t\t \">\n\t\t\t\t\t<div class=\"ams-contact__intro l-stack l-stack-lg\">\n\t\t\t\t\t\n\t<h2\n\tclass=\"c-heading u-font-title-1 \"\n\tstyle=\"\">\n\t\t\n\t\t\t\t\tKontakta oss s\u00e5 ber\u00e4ttar vi mer\n\t\t\t\t\n\t<\/h2>\n\n\t\t\t\t\t\t\t<\/div>\n\t\t\n\t\t\n\t\t    \t\n\t\t\n\t\t<ul\n\t\t\tid=\"contact-grid-69e15d8dea79a\"\n\t\t\tclass=\"ams-contact__list l-grid u-gap-fluid-2xl-4xl u-justify-center js-results \"\n\t\t\taria-label=\"Kontakter\"\n\t\t\tdata-filter-animation=\"off\"\n\t\t\t>\n\t\t\t\t\t\t\t\t\t\t\t\n\t\t\t\t\n\t\t\t\t<li class=\"l-col-6@md \" data-filter=\"h\">\n\t\t\t\t\t<article class=\"c-card \" data-variant=\"neutral\">\n\t\t\t\t\t\t<div class=\"c-card__content u-text-center\">\n\t\t\t\t\t\t\t\t\t\t\t\t\t\t\t<h3 class=\"c-card__title u-font-title-3\">\n\t\t\t\t\t\t\t\t\tChristian Andersson\n\t\t\t\t\t\t\t\t<\/h3>\n\t\t\t\t\t\t\t\n\t\t\t\t\t\t\t\t\t\t\t\t\t\t\t<p class=\"position u-font-body\">Aff\u00e4rsutv. direkt\u00f6r<\/p>\n\t\t\t\t\t\t\t\n\t\t\t\t\t\t\t\t\t\t\t\t\t\t\t<div class=\"contact-info u-font-body\">\n\t\t\t\t\t\t\t\t\t\t\t\t\t\t\t\t\t\t\t\t\t\t\t\t\t\t\t\t\t\t<p class=\"phone\"><a\n\t\t\t\t\t\t\t\t\t\t\t\t\thref=\"tel:0707549286\"\n\t\t\t\t\t\t\t\t\t\t\t\t\tclass=\"u-text-link\">070-754 92 86<\/a>\n\t\t\t\t\t\t\t\t\t\t\t<\/p>\n\t\t\t\t\t\t\t\t\t\t\t\t\t\t\t\t\t\t\t\n\t\t\t\t\t\t\t\t\t\t\t\t\t\t\t\t\t\t\t\t\t\t\t\t\t\t\t\t\t\t<p class=\"email\"><a\n\t\t\t\t\t\t\t\t\t\t\t\t\thref=\"m&#097;&#105;&#108;&#116;o:&#099;h&#114;&#105;&#115;tia&#110;.a&#110;de&#114;sson&#064;a&#099;&#097;d&#101;m&#101;dia.&#115;e\"\n\t\t\t\t\t\t\t\t\t\t\t\t\tclass=\"u-text-link\">c&#104;ri&#115;t&#105;&#097;n&#046;&#097;n&#100;&#101;rsson&#064;&#097;ca&#100;&#101;m&#101;&#100;&#105;&#097;&#046;&#115;&#101;<\/a>\n\t\t\t\t\t\t\t\t\t\t\t<\/p>\n\t\t\t\t\t\t\t\t\t\t\t\t\t\t\t\t\t\t\t\t\t\t\t\t\t\t\t<\/div>\n\t\t\t\t\t\t\t\n\t\t\t\t\t\t\t\t\t\t\t\t\t<\/div>\n\t\t\t\t\t\t<div class=\"c-card__media\">\n\t\t\t\t\t\t\t\t\t\t\t\t\t\t\t\t\t\t\t\t\t\t\t\t\t\t\t\t\t\t\t\t\t\t\t\t\t\t\t\t\t\t\t\t\t\t\t\t\t<img decoding=\"async\" width=\"400\" height=\"367\" src=\"https:\/\/pysslingen.se\/wp-content\/uploads\/2022\/10\/christian-a.jpg\" class=\"u-radius-rounded u-ratio-landscape  \" alt=\"portr\u00e4ttbild av Christian Andersson\" sizes=\"(max-width: 300px) 100vw, 300px\" srcset=\"https:\/\/pysslingen.se\/wp-content\/uploads\/2022\/10\/christian-a.jpg 1000w, https:\/\/pysslingen.se\/wp-content\/uploads\/2022\/10\/christian-a-300x275.jpg 300w, https:\/\/pysslingen.se\/wp-content\/uploads\/2022\/10\/christian-a-768x705.jpg 768w, https:\/\/pysslingen.se\/wp-content\/uploads\/2022\/10\/christian-a-500x459.jpg 500w, https:\/\/pysslingen.se\/wp-content\/uploads\/2022\/10\/christian-a-249x229.jpg 249w, https:\/\/pysslingen.se\/wp-content\/uploads\/2022\/10\/christian-a-340x312.jpg 340w, https:\/\/pysslingen.se\/wp-content\/uploads\/2022\/10\/christian-a-730x670.jpg 730w\" \/>\n\t\t\t\t\t\t<\/div>\n\t\t\t\t\t<\/article>\n\t\t\t\t<\/li>\n\t\t\t\t\t\t\t\t\t\t\t\n\t\t\t\t\n\t\t\t\t<li class=\"l-col-6@md \" data-filter=\"e\">\n\t\t\t\t\t<article class=\"c-card \" data-variant=\"neutral\">\n\t\t\t\t\t\t<div class=\"c-card__content u-text-center\">\n\t\t\t\t\t\t\t\t\t\t\t\t\t\t\t<h3 class=\"c-card__title u-font-title-3\">\n\t\t\t\t\t\t\t\t\tSara Lindberg\n\t\t\t\t\t\t\t\t<\/h3>\n\t\t\t\t\t\t\t\n\t\t\t\t\t\t\t\t\t\t\t\t\t\t\t<p class=\"position u-font-body\">Segmentsomr\u00e5deschef<\/p>\n\t\t\t\t\t\t\t\n\t\t\t\t\t\t\t\t\t\t\t\t\t\t\t<div class=\"contact-info u-font-body\">\n\t\t\t\t\t\t\t\t\t\t\t\t\t\t\t\t\t\t\t\t\t\t\t\t\t\t\t\t\t\t<p class=\"phone\"><a\n\t\t\t\t\t\t\t\t\t\t\t\t\thref=\"tel:0707338676\"\n\t\t\t\t\t\t\t\t\t\t\t\t\tclass=\"u-text-link\">070-733 86 76<\/a>\n\t\t\t\t\t\t\t\t\t\t\t<\/p>\n\t\t\t\t\t\t\t\t\t\t\t\t\t\t\t\t\t\t\t\n\t\t\t\t\t\t\t\t\t\t\t\t\t\t\t\t\t\t\t\t\t\t\t\t\t\t\t\t\t\t<p class=\"email\"><a\n\t\t\t\t\t\t\t\t\t\t\t\t\thref=\"&#109;&#097;&#105;l&#116;&#111;:sa&#114;a.&#108;i&#110;dbe&#114;g&#064;&#097;cad&#101;med&#105;&#097;&#046;&#115;e\"\n\t\t\t\t\t\t\t\t\t\t\t\t\tclass=\"u-text-link\">&#115;&#097;ra&#046;&#108;i&#110;&#100;&#098;&#101;r&#103;&#064;a&#099;ade&#109;&#101;dia&#046;se<\/a>\n\t\t\t\t\t\t\t\t\t\t\t<\/p>\n\t\t\t\t\t\t\t\t\t\t\t\t\t\t\t\t\t\t\t\t\t\t\t\t\t\t\t<\/div>\n\t\t\t\t\t\t\t\n\t\t\t\t\t\t\t\t\t\t\t\t\t<\/div>\n\t\t\t\t\t\t<div class=\"c-card__media\">\n\t\t\t\t\t\t\t\t\t\t\t\t\t\t\t\t\t\t\t\t\t\t\t\t\t\t\t\t\t\t\t\t\t\t\t\t\t\t\t\t\t\t\t\t\t\t\t\t\t<img decoding=\"async\" width=\"400\" height=\"329\" src=\"https:\/\/pysslingen.se\/wp-content\/uploads\/2020\/10\/sara1.jpg\" class=\"u-radius-rounded u-ratio-landscape  \" alt=\"portr\u00e4ttbild av Sara Lindberg\" sizes=\"(max-width: 300px) 100vw, 300px\" srcset=\"https:\/\/pysslingen.se\/wp-content\/uploads\/2020\/10\/sara1.jpg 1029w, https:\/\/pysslingen.se\/wp-content\/uploads\/2020\/10\/sara1-300x247.jpg 300w, https:\/\/pysslingen.se\/wp-content\/uploads\/2020\/10\/sara1-1024x843.jpg 1024w, https:\/\/pysslingen.se\/wp-content\/uploads\/2020\/10\/sara1-768x632.jpg 768w, https:\/\/pysslingen.se\/wp-content\/uploads\/2020\/10\/sara1-500x412.jpg 500w, https:\/\/pysslingen.se\/wp-content\/uploads\/2020\/10\/sara1-278x229.jpg 278w, https:\/\/pysslingen.se\/wp-content\/uploads\/2020\/10\/sara1-340x280.jpg 340w, https:\/\/pysslingen.se\/wp-content\/uploads\/2020\/10\/sara1-814x670.jpg 814w\" \/>\n\t\t\t\t\t\t<\/div>\n\t\t\t\t\t<\/article>\n\t\t\t\t<\/li>\n\t\t\t\t\t<\/ul>\n\n\t\t\n\t\t    <div class=\"ams-contact__more u-inline-items js-load-more-btn\">\n        <button href=\"#\"\n                class=\"c-btn\"\n                data-style=\"rounded\"\n                data-size=\"md\"\n                data-width=\"full-mobile\"\n                data-variant=\"outline\">\n        \tVisa mer\n        <\/button>\n    <\/div>\n\n\t\t\t<\/div>\n\n\t\t\n\n<\/section>\n\t<\/div>\n\n\t","protected":false},"excerpt":{"rendered":"","protected":false},"author":74,"featured_media":0,"parent":0,"menu_order":0,"comment_status":"closed","ping_status":"closed","template":"","meta":{"footnotes":""},"yoast_head":"<!-- This site is optimized with the Yoast SEO plugin v22.0 - https:\/\/yoast.com\/wordpress\/plugins\/seo\/ -->\n<title>Knatteborgen<\/title>\n<meta name=\"description\" content=\"Funderar ni p\u00e5 att s\u00e4lja er f\u00f6rskola? Varf\u00f6r inte bli en del av Pysslingen F\u00f6rskolor? Kontakta oss s\u00e5 ber\u00e4ttar vi mer!\" \/>\n<meta name=\"robots\" content=\"index, follow, max-snippet:-1, max-image-preview:large, max-video-preview:-1\" \/>\n<link rel=\"canonical\" href=\"https:\/\/pysslingen.se\/knatteborgen\/bli-en-del-av-pysslingen\/\" \/>\n<meta property=\"og:locale\" content=\"sv_SE\" \/>\n<meta property=\"og:type\" content=\"article\" \/>\n<meta property=\"og:description\" content=\"Funderar ni p\u00e5 att s\u00e4lja er f\u00f6rskola? Varf\u00f6r inte bli en del av Pysslingen F\u00f6rskolor? Kontakta oss s\u00e5 ber\u00e4ttar vi mer!\" \/>\n<meta property=\"og:url\" content=\"https:\/\/pysslingen.se\/knatteborgen\/bli-en-del-av-pysslingen\/\" \/>\n<meta property=\"og:site_name\" content=\"Knatteborgen\" \/>\n<meta property=\"article:modified_time\" content=\"2023-10-05T12:04:02+00:00\" \/>\n<meta name=\"twitter:card\" content=\"summary_large_image\" \/>\n<meta name=\"twitter:description\" content=\"Funderar ni p\u00e5 att s\u00e4lja er f\u00f6rskola? Varf\u00f6r inte bli en del av Pysslingen F\u00f6rskolor? Kontakta oss s\u00e5 ber\u00e4ttar vi mer!\" \/>\n<script type=\"application\/ld+json\" class=\"yoast-schema-graph\">{\"@context\":\"https:\/\/schema.org\",\"@graph\":[{\"@type\":\"WebPage\",\"@id\":\"https:\/\/pysslingen.se\/knatteborgen\/bli-en-del-av-pysslingen\/\",\"url\":\"https:\/\/pysslingen.se\/knatteborgen\/bli-en-del-av-pysslingen\/\",\"name\":\"Bli en del av Pysslingen - Knatteborgen\",\"isPartOf\":{\"@id\":\"https:\/\/pysslingen.se\/knatteborgen\/#website\"},\"datePublished\":\"2023-10-05T12:04:00+00:00\",\"dateModified\":\"2023-10-05T12:04:02+00:00\",\"description\":\"Funderar ni p\u00e5 att s\u00e4lja er f\u00f6rskola? Varf\u00f6r inte bli en del av Pysslingen F\u00f6rskolor? Kontakta oss s\u00e5 ber\u00e4ttar vi mer!\",\"breadcrumb\":{\"@id\":\"https:\/\/pysslingen.se\/knatteborgen\/bli-en-del-av-pysslingen\/#breadcrumb\"},\"inLanguage\":\"sv-SE\",\"potentialAction\":[{\"@type\":\"ReadAction\",\"target\":[\"https:\/\/pysslingen.se\/knatteborgen\/bli-en-del-av-pysslingen\/\"]}]},{\"@type\":\"BreadcrumbList\",\"@id\":\"https:\/\/pysslingen.se\/knatteborgen\/bli-en-del-av-pysslingen\/#breadcrumb\",\"itemListElement\":[{\"@type\":\"ListItem\",\"position\":1,\"name\":\"Start\",\"item\":\"https:\/\/pysslingen.se\/knatteborgen\/\"},{\"@type\":\"ListItem\",\"position\":2,\"name\":\"Bli en del av Pysslingen\"}]},{\"@type\":\"WebSite\",\"@id\":\"https:\/\/pysslingen.se\/knatteborgen\/#website\",\"url\":\"https:\/\/pysslingen.se\/knatteborgen\/\",\"name\":\"Knatteborgen\",\"description\":\"En trygg och stimulerande v\u00e4rld\",\"publisher\":{\"@id\":\"https:\/\/pysslingen.se\/knatteborgen\/#organization\"},\"potentialAction\":[{\"@type\":\"SearchAction\",\"target\":{\"@type\":\"EntryPoint\",\"urlTemplate\":\"https:\/\/pysslingen.se\/knatteborgen\/?s={search_term_string}\"},\"query-input\":\"required name=search_term_string\"}],\"inLanguage\":\"sv-SE\"},{\"@type\":\"Organization\",\"@id\":\"https:\/\/pysslingen.se\/knatteborgen\/#organization\",\"name\":\"Pysslingen F\u00f6rskolor\",\"url\":\"https:\/\/pysslingen.se\/knatteborgen\/\",\"logo\":{\"@type\":\"ImageObject\",\"inLanguage\":\"sv-SE\",\"@id\":\"https:\/\/pysslingen.se\/knatteborgen\/#\/schema\/logo\/image\/\",\"url\":\"https:\/\/pysslingen.se\/wp-content\/uploads\/2021\/05\/pysslingen-forskolor.png\",\"contentUrl\":\"https:\/\/pysslingen.se\/wp-content\/uploads\/2021\/05\/pysslingen-forskolor.png\",\"width\":1120,\"height\":630,\"caption\":\"Pysslingen F\u00f6rskolor\"},\"image\":{\"@id\":\"https:\/\/pysslingen.se\/knatteborgen\/#\/schema\/logo\/image\/\"}}]}<\/script>\n<!-- \/ Yoast SEO plugin. -->","yoast_head_json":{"title":"Knatteborgen","description":"Funderar ni p\u00e5 att s\u00e4lja er f\u00f6rskola? Varf\u00f6r inte bli en del av Pysslingen F\u00f6rskolor? Kontakta oss s\u00e5 ber\u00e4ttar vi mer!","robots":{"index":"index","follow":"follow","max-snippet":"max-snippet:-1","max-image-preview":"max-image-preview:large","max-video-preview":"max-video-preview:-1"},"canonical":"https:\/\/pysslingen.se\/knatteborgen\/bli-en-del-av-pysslingen\/","og_locale":"sv_SE","og_type":"article","og_description":"Funderar ni p\u00e5 att s\u00e4lja er f\u00f6rskola? Varf\u00f6r inte bli en del av Pysslingen F\u00f6rskolor? Kontakta oss s\u00e5 ber\u00e4ttar vi mer!","og_url":"https:\/\/pysslingen.se\/knatteborgen\/bli-en-del-av-pysslingen\/","og_site_name":"Knatteborgen","article_modified_time":"2023-10-05T12:04:02+00:00","twitter_card":"summary_large_image","twitter_description":"Funderar ni p\u00e5 att s\u00e4lja er f\u00f6rskola? Varf\u00f6r inte bli en del av Pysslingen F\u00f6rskolor? Kontakta oss s\u00e5 ber\u00e4ttar vi mer!","schema":{"@context":"https:\/\/schema.org","@graph":[{"@type":"WebPage","@id":"https:\/\/pysslingen.se\/knatteborgen\/bli-en-del-av-pysslingen\/","url":"https:\/\/pysslingen.se\/knatteborgen\/bli-en-del-av-pysslingen\/","name":"Bli en del av Pysslingen - Knatteborgen","isPartOf":{"@id":"https:\/\/pysslingen.se\/knatteborgen\/#website"},"datePublished":"2023-10-05T12:04:00+00:00","dateModified":"2023-10-05T12:04:02+00:00","description":"Funderar ni p\u00e5 att s\u00e4lja er f\u00f6rskola? Varf\u00f6r inte bli en del av Pysslingen F\u00f6rskolor? Kontakta oss s\u00e5 ber\u00e4ttar vi mer!","breadcrumb":{"@id":"https:\/\/pysslingen.se\/knatteborgen\/bli-en-del-av-pysslingen\/#breadcrumb"},"inLanguage":"sv-SE","potentialAction":[{"@type":"ReadAction","target":["https:\/\/pysslingen.se\/knatteborgen\/bli-en-del-av-pysslingen\/"]}]},{"@type":"BreadcrumbList","@id":"https:\/\/pysslingen.se\/knatteborgen\/bli-en-del-av-pysslingen\/#breadcrumb","itemListElement":[{"@type":"ListItem","position":1,"name":"Start","item":"https:\/\/pysslingen.se\/knatteborgen\/"},{"@type":"ListItem","position":2,"name":"Bli en del av Pysslingen"}]},{"@type":"WebSite","@id":"https:\/\/pysslingen.se\/knatteborgen\/#website","url":"https:\/\/pysslingen.se\/knatteborgen\/","name":"Knatteborgen","description":"En trygg och stimulerande v\u00e4rld","publisher":{"@id":"https:\/\/pysslingen.se\/knatteborgen\/#organization"},"potentialAction":[{"@type":"SearchAction","target":{"@type":"EntryPoint","urlTemplate":"https:\/\/pysslingen.se\/knatteborgen\/?s={search_term_string}"},"query-input":"required name=search_term_string"}],"inLanguage":"sv-SE"},{"@type":"Organization","@id":"https:\/\/pysslingen.se\/knatteborgen\/#organization","name":"Pysslingen F\u00f6rskolor","url":"https:\/\/pysslingen.se\/knatteborgen\/","logo":{"@type":"ImageObject","inLanguage":"sv-SE","@id":"https:\/\/pysslingen.se\/knatteborgen\/#\/schema\/logo\/image\/","url":"https:\/\/pysslingen.se\/wp-content\/uploads\/2021\/05\/pysslingen-forskolor.png","contentUrl":"https:\/\/pysslingen.se\/wp-content\/uploads\/2021\/05\/pysslingen-forskolor.png","width":1120,"height":630,"caption":"Pysslingen F\u00f6rskolor"},"image":{"@id":"https:\/\/pysslingen.se\/knatteborgen\/#\/schema\/logo\/image\/"}}]}},"_links":{"self":[{"href":"https:\/\/pysslingen.se\/knatteborgen\/wp-json\/wp\/v2\/pages\/1151"}],"collection":[{"href":"https:\/\/pysslingen.se\/knatteborgen\/wp-json\/wp\/v2\/pages"}],"about":[{"href":"https:\/\/pysslingen.se\/knatteborgen\/wp-json\/wp\/v2\/types\/page"}],"author":[{"embeddable":true,"href":"https:\/\/pysslingen.se\/knatteborgen\/wp-json\/wp\/v2\/users\/74"}],"replies":[{"embeddable":true,"href":"https:\/\/pysslingen.se\/knatteborgen\/wp-json\/wp\/v2\/comments?post=1151"}],"version-history":[{"count":1,"href":"https:\/\/pysslingen.se\/knatteborgen\/wp-json\/wp\/v2\/pages\/1151\/revisions"}],"predecessor-version":[{"id":1152,"href":"https:\/\/pysslingen.se\/knatteborgen\/wp-json\/wp\/v2\/pages\/1151\/revisions\/1152"}],"wp:attachment":[{"href":"https:\/\/pysslingen.se\/knatteborgen\/wp-json\/wp\/v2\/media?parent=1151"}],"curies":[{"name":"wp","href":"https:\/\/api.w.org\/{rel}","templated":true}]}}