{"id":1422,"date":"2025-04-24T10:02:48","date_gmt":"2025-04-24T08:02:48","guid":{"rendered":"https:\/\/pysslingen.se\/kadetten\/?page_id=1422"},"modified":"2025-04-24T10:03:47","modified_gmt":"2025-04-24T08:03:47","slug":"simskola","status":"publish","type":"page","link":"https:\/\/pysslingen.se\/kadetten\/simskola\/","title":{"rendered":"Simskola"},"content":{"rendered":"\n\t\n\t\n\t\n\n\t\n\t\n\t\t\n<section  class=\"c-block l-stacked  \" data-color-scheme=\"nyans2_av_cta-hover-standard\">\n\t<div class=\"ams-fifty ams-fifty--container ams-fifty--right ams-fifty--bottom l-container u-pt-fluid-2xl-4xl u-pb-fluid-2xl-4xl\">\n\t\t<div class=\"ams-fifty__content l-stack l-stack-xl is-left is-left@lg\">\n\t\t\t<div class=\"ams-fifty__text l-stack l-stack-lg\">\n\t\t\t\t\t\n\t<h1\n\tclass=\"c-heading u-font-title-1 \"\n\tstyle=\"\">\n\t\t\n\t\t\t\t\t\t\t\t\tHur fungerar simskola p\u00e5 f\u00f6rskolan?\n\t\t\t\t<span class=\"c-heading__sub is-below u-font-title-3\">\n\t\t\t\t\tPysslingen Kadetten\n\t\t\t\t<\/span>\n\t\t\t\t\t\t\t\n\t<\/h1>\n\n\t\t\t\t\t\t\t\t\t<div class=\"text l-stack u-font-body\">\n\t\t\t\t\t\t<p class=\"p1\">P\u00e5 Kadettens f\u00f6rskola f\u00e5r v\u00e5ra \u00e4ldsta barn delta i simskola som en del av v\u00e5rt Sista \u00e5ret-koncept. Genom lek och l\u00e4rande f\u00f6rbereder vi barnen inf\u00f6r skolstarten. Under flertalet tillf\u00e4llen f\u00e5r de bekanta sig med grunderna i simning tillsammans med erfarna instrukt\u00f6rer i sm\u00e5 grupper. Syftet \u00e4r inte bara att fr\u00e4mja simf\u00f6rm\u00e5gan, utan ocks\u00e5 att \u00f6ka barnens trygghet och s\u00e4kerhet i vattnet.<\/p>\n\n\t\t\t\t\t<\/div>\n\t\t\t\t\t\t\t<\/div>\n\n\t\t\t\t\t<\/div>\n\n\t\t <div class=\"ams-fifty__media u-ratio-landscape\">\n\t\t \t\t\t\t\t<img decoding=\"async\" width=\"600\" height=\"1066\" src=\"https:\/\/pysslingen.se\/wp-content\/uploads\/sites\/69\/2025\/04\/1000002946-600x1066.jpg\" class=\"attachment-md size-md\" alt=\"Pyss och Ling vid poolkanten.\" sizes=\"(min-width: 64em) 600px, calc(100vw - 160px)\" srcset=\"https:\/\/pysslingen.se\/wp-content\/uploads\/sites\/69\/2025\/04\/1000002946-600x1066.jpg 600w, https:\/\/pysslingen.se\/wp-content\/uploads\/sites\/69\/2025\/04\/1000002946-300x533.jpg 300w, https:\/\/pysslingen.se\/wp-content\/uploads\/sites\/69\/2025\/04\/1000002946-400x710.jpg 400w, https:\/\/pysslingen.se\/wp-content\/uploads\/sites\/69\/2025\/04\/1000002946-800x1421.jpg 800w, https:\/\/pysslingen.se\/wp-content\/uploads\/sites\/69\/2025\/04\/1000002946-1024x1819.jpg 1024w, https:\/\/pysslingen.se\/wp-content\/uploads\/sites\/69\/2025\/04\/1000002946-rotated.jpg 1126w\" \/>\n\t\t\t\n\t\t\t\n\t\t\t\t\t<\/div>\n\t<\/div>\n\n\t\t\n\n<\/section>\n\n\n\n\t\n\t\n\t\n\n\t\n\t\n\t\t\n<section  class=\"c-block l-stacked  \" data-color-scheme=\"nyans2_av_cta-hover-standard\">\n\t<div class=\"ams-fifty ams-fifty--container ams-fifty--left ams-fifty--bottom l-container u-pt-fluid-2xl-4xl u-pb-fluid-2xl-4xl\">\n\t\t<div class=\"ams-fifty__content l-stack l-stack-xl is-left is-left@lg\">\n\t\t\t<div class=\"ams-fifty__text l-stack l-stack-lg\">\n\t\t\t\t\t\n\t<h2\n\tclass=\"c-heading u-font-title-1 \"\n\tstyle=\"\">\n\t\t\n\t\t\t\t\tOm f\u00f6rskolan Kadetten i Solna\n\t\t\t\t\n\t<\/h2>\n\n\t\t\t\t\t\t\t\t\t<div class=\"text l-stack u-font-body\">\n\t\t\t\t\t\t<p class=\"p1\">F\u00f6rskolan Kadetten ligger i Fr\u00f6sunda, Solna, ett stenkast fr\u00e5n Hagaparken.\u00a0Vi har rymliga lokaler och en stor dynamisk g\u00e5rd. V\u00e5ra l\u00e4rmilj\u00f6er \u00e4r utmanande, inbjudande och inneh\u00e5llsrika f\u00f6r att ge varje barn b\u00e4sta f\u00f6ruts\u00e4ttningarna f\u00f6r en trygg och l\u00e4rorik utbildning.<\/p>\n<p class=\"p1\">Vi arbetar f\u00f6r en gemenskap d\u00e4r alla barn ska k\u00e4nna sig sedda och h\u00f6rda. Med flera gemensamma projekt f\u00e5r barn och pedagoger arbeta tillsammans mot samma m\u00e5l. Vi utg\u00e5r fr\u00e5n barnens intressen och erfarenheter och l\u00e4r oss tillsammans f\u00f6r en givande f\u00f6rskoletid. P\u00e5 v\u00e5r f\u00f6rskola i Fr\u00f6sunda \u00e4r det barnen som formar utbildningen.<\/p>\n\n\t\t\t\t\t<\/div>\n\t\t\t\t\t\t\t<\/div>\n\n\t\t\t\t\t<\/div>\n\n\t\t <div class=\"ams-fifty__media u-ratio-landscape\">\n\t\t \t\t\t\t\t<img decoding=\"async\" width=\"600\" height=\"400\" src=\"https:\/\/pysslingen.se\/wp-content\/uploads\/sites\/69\/2025\/04\/simskolesidakadetten-600x400.jpg\" class=\"attachment-md size-md\" alt=\"Flera barn bygger med magneter utomhus.\" sizes=\"(min-width: 64em) 600px, calc(100vw - 160px)\" srcset=\"https:\/\/pysslingen.se\/wp-content\/uploads\/sites\/69\/2025\/04\/simskolesidakadetten-600x400.jpg 600w, https:\/\/pysslingen.se\/wp-content\/uploads\/sites\/69\/2025\/04\/simskolesidakadetten-300x200.jpg 300w, https:\/\/pysslingen.se\/wp-content\/uploads\/sites\/69\/2025\/04\/simskolesidakadetten-400x267.jpg 400w, https:\/\/pysslingen.se\/wp-content\/uploads\/sites\/69\/2025\/04\/simskolesidakadetten-800x533.jpg 800w, https:\/\/pysslingen.se\/wp-content\/uploads\/sites\/69\/2025\/04\/simskolesidakadetten-1024x683.jpg 1024w, https:\/\/pysslingen.se\/wp-content\/uploads\/sites\/69\/2025\/04\/simskolesidakadetten-1200x800.jpg 1200w, https:\/\/pysslingen.se\/wp-content\/uploads\/sites\/69\/2025\/04\/simskolesidakadetten.jpg 1500w\" \/>\n\t\t\t\n\t\t\t\n\t\t\t\t\t<\/div>\n\t<\/div>\n\n\t\t\n\n<\/section>\n\n\n\n\n<section  class=\"ams-cta ams-cta--stacked c-block l-stacked\" data-color-scheme=\"usp-pink-background-blue-cards\">\n\t<div class=\"l-container l-stack l-stack-fluid-2xl u-pt-fluid-3xl-6xl u-pb-fluid-3xl-6xl is-center is-center@md\">\n\t\t\t\t\t<div class=\"ams-cta__intro l-stack l-stack-lg\">\n\t\t\t\t\t\n\t<h2\n\tclass=\"c-heading u-font-title-1 \"\n\tstyle=\"\">\n\t\t\n\t\t\t\t\tAns\u00f6k till f\u00f6rskolan Kadetten:\n\t\t\t\t\n\t<\/h2>\n\n\t\t\t\t\t\t\t\t\t<div class=\"c-text l-stack u-cs-xl u-font-body\">\n\t\t\t\t\t\t<p class=\"p1\" style=\"text-align: center;\">Vad roligt att du \u00e4r intresserad av en plats hos oss p\u00e5 Kadettens f\u00f6rskola!<\/p>\n<p class=\"p1\" style=\"text-align: center;\">F\u00f6r att st\u00e4lla ditt barn i k\u00f6 g\u00e5r du in p\u00e5\u00a0<a href=\"https:\/\/www.solna.se\/barn--utbildning\/forskola\/ansok-om-plats\"><span class=\"s1\">Solna stads webbplats(\u00f6ppnas i nytt f\u00f6nster)<\/span><\/a>\u00a0och g\u00f6r din platsans\u00f6kan d\u00e4r. D\u00e4r kan du l\u00e4sa om turordningsreglerna. Om du vill ha hj\u00e4lp med att st\u00e4lla dig i k\u00f6 ringer du kommunens Kontaktcenter p\u00e5 telefon\u00a0<a href=\"tel:08-746%2010%2000\"><span class=\"s1\">08-746 10 00<\/span><\/a>.<\/p>\n<p class=\"p1\" style=\"text-align: center;\">Har du fr\u00e5gor om k\u00f6 och intag \u00e4r du v\u00e4lkommen att kontakta v\u00e5r\u00a0<a href=\"https:\/\/pysslingen.se\/kadetten\/kontakt\/\"><span class=\"s1\">intendent<\/span><\/a>.<\/p>\n\n\t\t\t\t\t<\/div>\n\t\t\t\t\t\t\t<\/div>\n\t\t\n\t\t\n\t\t\t<div class=\"ams-cta__action u-inline-items\">\n\t\t\t\t\t\t\t\n\n\n<a href=\"https:\/\/www.solna.se\/barn--utbildning\/forskola\/ansok-om-plats\"\n\t\n\tclass=\"c-btn \"\n\tdata-style=\"rounded\"\n\tdata-size=\"md\"\n\tdata-width=\"full-mobile\"\n\tdata-variant=\"default\"\n\ttarget=\"_blank\">\n\t\t\t<span class=\"label\"> Till k\u00f6anm\u00e4lan<\/span>\n\t\t\t<\/a>\n\t\t\t<\/div>\n\t<\/div>\n\n\t\t\n\n<\/section>\n\n\n\n<section \n\t\t class=\"\n\t\t ams-contact\n\t\t \n\t\t c-block l-stacked\n\t\t \n\t\t \n\t\t js-load-more\n\t\t \"\n\t\t data-color-scheme=\"\"\n\t\t\t\t\tdata-count=\"3\"\n\t\t\t\t\t\t\tdata-count-mobile=\"2\"\n\t\t\t\t>\n\t<div\n\t\t class=\"\n\t\t l-container\n\t\t l-stack l-stack-fluid-2xl\n\t\t u-pt-fluid-md-xl\n\t\t u-pb-fluid-md-xl\n\t\t is-center\n\t\t is-center@md\n\t\t \">\n\t\t\t\t\t<div class=\"ams-contact__intro l-stack l-stack-lg\">\n\t\t\t\t\t\n\t<h2\n\tclass=\"c-heading u-font-title-1 \"\n\tstyle=\"\">\n\t\t\n\t\t\t\t\tFr\u00e5gor eller funderingar?\n\t\t\t\t\n\t<\/h2>\n\n\t\t\t\t\t\t\t\t\t<div class=\"c-text l-stack u-cs-xl u-font-body\">\n\t\t\t\t\t\t<p>Om du har n\u00e5gon fr\u00e5ga eller fundering om v\u00e5r f\u00f6rskola, tveka inte p\u00e5 att kontakta oss.<\/p>\n\n\t\t\t\t\t<\/div>\n\t\t\t\t\t\t\t<\/div>\n\t\t\n\t\t\n\t\t    \t\n\t\t\n\t\t<ul\n\t\t\tid=\"contact-grid-6a05ed9c00b2c\"\n\t\t\tclass=\"ams-contact__list l-grid u-gap-fluid-2xl-4xl u-justify-center js-results \"\n\t\t\taria-label=\"Kontakter\"\n\t\t\tdata-filter-animation=\"off\"\n\t\t\t>\n\t\t\t\t\t<\/ul>\n\n\t\t\n\t\t    <div class=\"ams-contact__more u-inline-items js-load-more-btn\">\n        <button href=\"#\"\n                class=\"c-btn\"\n                data-style=\"rounded\"\n                data-size=\"md\"\n                data-width=\"full-mobile\"\n                data-variant=\"outline\">\n        \tVisa mer\n        <\/button>\n    <\/div>\n\n\t\t\t<\/div>\n\n\t\t\n\n<\/section>\n\n\n\n\n<section  class=\"ams-cta ams-cta--stacked c-block l-stacked\">\n\t<div class=\"l-container l-stack l-stack-fluid-2xl u-pt-fluid-md-xl u-pb-fluid-md-xl is-center is-center@md\">\n\t\t\t\t\t<div class=\"ams-cta__intro l-stack l-stack-lg\">\n\t\t\t\t\t\n\t<h2\n\tclass=\"c-heading u-font-title-1 \"\n\tstyle=\"\">\n\t\t\n\t\t\t\t\tL\u00e4s mer om Pysslingen Kadetten\n\t\t\t\t\n\t<\/h2>\n\n\t\t\t\t\t\t\t<\/div>\n\t\t\n\t\t\n\t\t\t<div class=\"ams-cta__action u-inline-items\">\n\t\t\t\t\t\t\t\n\n\n<a href=\"https:\/\/pysslingen.se\/kadetten\/om-forskolan\/\"\n\t\n\tclass=\"c-btn \"\n\tdata-style=\"rounded\"\n\tdata-size=\"md\"\n\tdata-width=\"full-mobile\"\n\tdata-variant=\"default\"\n\ttarget=\"_self\">\n\t\t\t<span class=\"label\"> Info om v\u00e5r f\u00f6rskola<\/span>\n\t\t\t<\/a>\n\t\t\t<\/div>\n\t<\/div>\n\n\t\t\n\n<\/section>\n","protected":false},"excerpt":{"rendered":"","protected":false},"author":99,"featured_media":0,"parent":0,"menu_order":0,"comment_status":"closed","ping_status":"closed","template":"","meta":{"footnotes":""},"yoast_head":"<!-- This site is optimized with the Yoast SEO plugin v22.0 - https:\/\/yoast.com\/wordpress\/plugins\/seo\/ -->\n<title>Kadetten<\/title>\n<meta name=\"robots\" content=\"index, follow, max-snippet:-1, max-image-preview:large, max-video-preview:-1\" \/>\n<link rel=\"canonical\" href=\"https:\/\/pysslingen.se\/kadetten\/simskola\/\" \/>\n<meta property=\"og:locale\" content=\"sv_SE\" \/>\n<meta property=\"og:type\" content=\"article\" \/>\n<meta property=\"og:url\" content=\"https:\/\/pysslingen.se\/kadetten\/simskola\/\" \/>\n<meta property=\"og:site_name\" content=\"Kadetten\" \/>\n<meta property=\"article:modified_time\" content=\"2025-04-24T08:03:47+00:00\" \/>\n<meta name=\"twitter:card\" content=\"summary_large_image\" \/>\n<script type=\"application\/ld+json\" class=\"yoast-schema-graph\">{\"@context\":\"https:\/\/schema.org\",\"@graph\":[{\"@type\":\"WebPage\",\"@id\":\"https:\/\/pysslingen.se\/kadetten\/simskola\/\",\"url\":\"https:\/\/pysslingen.se\/kadetten\/simskola\/\",\"name\":\"Simskola - Kadetten\",\"isPartOf\":{\"@id\":\"https:\/\/pysslingen.se\/kadetten\/#website\"},\"datePublished\":\"2025-04-24T08:02:48+00:00\",\"dateModified\":\"2025-04-24T08:03:47+00:00\",\"breadcrumb\":{\"@id\":\"https:\/\/pysslingen.se\/kadetten\/simskola\/#breadcrumb\"},\"inLanguage\":\"sv-SE\",\"potentialAction\":[{\"@type\":\"ReadAction\",\"target\":[\"https:\/\/pysslingen.se\/kadetten\/simskola\/\"]}]},{\"@type\":\"BreadcrumbList\",\"@id\":\"https:\/\/pysslingen.se\/kadetten\/simskola\/#breadcrumb\",\"itemListElement\":[{\"@type\":\"ListItem\",\"position\":1,\"name\":\"Start\",\"item\":\"https:\/\/pysslingen.se\/kadetten\/\"},{\"@type\":\"ListItem\",\"position\":2,\"name\":\"Simskola\"}]},{\"@type\":\"WebSite\",\"@id\":\"https:\/\/pysslingen.se\/kadetten\/#website\",\"url\":\"https:\/\/pysslingen.se\/kadetten\/\",\"name\":\"Kadetten\",\"description\":\"En trygg och stimulerande v\u00e4rld\",\"publisher\":{\"@id\":\"https:\/\/pysslingen.se\/kadetten\/#organization\"},\"potentialAction\":[{\"@type\":\"SearchAction\",\"target\":{\"@type\":\"EntryPoint\",\"urlTemplate\":\"https:\/\/pysslingen.se\/kadetten\/?s={search_term_string}\"},\"query-input\":\"required name=search_term_string\"}],\"inLanguage\":\"sv-SE\"},{\"@type\":\"Organization\",\"@id\":\"https:\/\/pysslingen.se\/kadetten\/#organization\",\"name\":\"Pysslingen F\u00f6rskolor\",\"url\":\"https:\/\/pysslingen.se\/kadetten\/\",\"logo\":{\"@type\":\"ImageObject\",\"inLanguage\":\"sv-SE\",\"@id\":\"https:\/\/pysslingen.se\/kadetten\/#\/schema\/logo\/image\/\",\"url\":\"https:\/\/pysslingen.se\/wp-content\/uploads\/2021\/05\/pysslingen-forskolor.png\",\"contentUrl\":\"https:\/\/pysslingen.se\/wp-content\/uploads\/2021\/05\/pysslingen-forskolor.png\",\"width\":1120,\"height\":630,\"caption\":\"Pysslingen F\u00f6rskolor\"},\"image\":{\"@id\":\"https:\/\/pysslingen.se\/kadetten\/#\/schema\/logo\/image\/\"}}]}<\/script>\n<!-- \/ Yoast SEO plugin. -->","yoast_head_json":{"title":"Kadetten","robots":{"index":"index","follow":"follow","max-snippet":"max-snippet:-1","max-image-preview":"max-image-preview:large","max-video-preview":"max-video-preview:-1"},"canonical":"https:\/\/pysslingen.se\/kadetten\/simskola\/","og_locale":"sv_SE","og_type":"article","og_url":"https:\/\/pysslingen.se\/kadetten\/simskola\/","og_site_name":"Kadetten","article_modified_time":"2025-04-24T08:03:47+00:00","twitter_card":"summary_large_image","schema":{"@context":"https:\/\/schema.org","@graph":[{"@type":"WebPage","@id":"https:\/\/pysslingen.se\/kadetten\/simskola\/","url":"https:\/\/pysslingen.se\/kadetten\/simskola\/","name":"Simskola - Kadetten","isPartOf":{"@id":"https:\/\/pysslingen.se\/kadetten\/#website"},"datePublished":"2025-04-24T08:02:48+00:00","dateModified":"2025-04-24T08:03:47+00:00","breadcrumb":{"@id":"https:\/\/pysslingen.se\/kadetten\/simskola\/#breadcrumb"},"inLanguage":"sv-SE","potentialAction":[{"@type":"ReadAction","target":["https:\/\/pysslingen.se\/kadetten\/simskola\/"]}]},{"@type":"BreadcrumbList","@id":"https:\/\/pysslingen.se\/kadetten\/simskola\/#breadcrumb","itemListElement":[{"@type":"ListItem","position":1,"name":"Start","item":"https:\/\/pysslingen.se\/kadetten\/"},{"@type":"ListItem","position":2,"name":"Simskola"}]},{"@type":"WebSite","@id":"https:\/\/pysslingen.se\/kadetten\/#website","url":"https:\/\/pysslingen.se\/kadetten\/","name":"Kadetten","description":"En trygg och stimulerande v\u00e4rld","publisher":{"@id":"https:\/\/pysslingen.se\/kadetten\/#organization"},"potentialAction":[{"@type":"SearchAction","target":{"@type":"EntryPoint","urlTemplate":"https:\/\/pysslingen.se\/kadetten\/?s={search_term_string}"},"query-input":"required name=search_term_string"}],"inLanguage":"sv-SE"},{"@type":"Organization","@id":"https:\/\/pysslingen.se\/kadetten\/#organization","name":"Pysslingen F\u00f6rskolor","url":"https:\/\/pysslingen.se\/kadetten\/","logo":{"@type":"ImageObject","inLanguage":"sv-SE","@id":"https:\/\/pysslingen.se\/kadetten\/#\/schema\/logo\/image\/","url":"https:\/\/pysslingen.se\/wp-content\/uploads\/2021\/05\/pysslingen-forskolor.png","contentUrl":"https:\/\/pysslingen.se\/wp-content\/uploads\/2021\/05\/pysslingen-forskolor.png","width":1120,"height":630,"caption":"Pysslingen F\u00f6rskolor"},"image":{"@id":"https:\/\/pysslingen.se\/kadetten\/#\/schema\/logo\/image\/"}}]}},"_links":{"self":[{"href":"https:\/\/pysslingen.se\/kadetten\/wp-json\/wp\/v2\/pages\/1422"}],"collection":[{"href":"https:\/\/pysslingen.se\/kadetten\/wp-json\/wp\/v2\/pages"}],"about":[{"href":"https:\/\/pysslingen.se\/kadetten\/wp-json\/wp\/v2\/types\/page"}],"author":[{"embeddable":true,"href":"https:\/\/pysslingen.se\/kadetten\/wp-json\/wp\/v2\/users\/99"}],"replies":[{"embeddable":true,"href":"https:\/\/pysslingen.se\/kadetten\/wp-json\/wp\/v2\/comments?post=1422"}],"version-history":[{"count":4,"href":"https:\/\/pysslingen.se\/kadetten\/wp-json\/wp\/v2\/pages\/1422\/revisions"}],"predecessor-version":[{"id":1428,"href":"https:\/\/pysslingen.se\/kadetten\/wp-json\/wp\/v2\/pages\/1422\/revisions\/1428"}],"wp:attachment":[{"href":"https:\/\/pysslingen.se\/kadetten\/wp-json\/wp\/v2\/media?parent=1422"}],"curies":[{"name":"wp","href":"https:\/\/api.w.org\/{rel}","templated":true}]}}