{"id":461,"date":"2020-10-16T12:33:05","date_gmt":"2020-10-16T12:33:05","guid":{"rendered":"https:\/\/pysslingen.se\/johannelund\/?page_id=461"},"modified":"2026-03-24T14:33:56","modified_gmt":"2026-03-24T13:33:56","slug":"besok-oss","status":"publish","type":"page","link":"https:\/\/pysslingen.se\/johannelund\/besok-oss\/","title":{"rendered":"Bes\u00f6k oss"},"content":{"rendered":"\n\t\n\t\n\t\n\n\t\n\t\n\t\t\n<section  class=\"c-block l-stacked  \" data-color-scheme=\"\">\n\t<div class=\"ams-fifty ams-fifty--container ams-fifty--right ams-fifty--bottom l-container u-pt-fluid-3xl-6xl u-pb-fluid-md-xl\">\n\t\t<div class=\"ams-fifty__content l-stack l-stack-xl is-left is-left@lg\">\n\t\t\t<div class=\"ams-fifty__text l-stack l-stack-lg\">\n\t\t\t\t\t\n\t<h1\n\tclass=\"c-heading u-font-title-1 \"\n\tstyle=\"\">\n\t\t\n\t\t\t\t\tBes\u00f6k oss p\u00e5 f\u00f6rskolan Johannelund!\n\t\t\t\t\n\t<\/h1>\n\n\t\t\t\t\t\t\t\t\t<div class=\"text l-stack u-font-body\">\n\t\t\t\t\t\t<p><strong>\u00d6ppen visning:<\/strong> Vi arrangerar \u00f6ppna visningar av f\u00f6rskolan varje torsdag kl 9.30. Under bes\u00f6ket f\u00e5r du m\u00f6jlighet att se v\u00e5ra lokaler, tr\u00e4ffa pedagogerna och h\u00f6ra mer om v\u00e5r verksamhet. Efter\u00e5t <span data-olk-copy-source=\"MessageBody\">\u00e4r ni v\u00e4lkomna att stanna p\u00e5 MiniPyss mellan 9-12 alla torsdagar. <\/span><\/p>\n<p>Kontakta v\u00e5r samordnare och meddela att ni kommer. V\u00e4lkomna!<\/p>\n<p><strong>Privat visning:<\/strong> Du \u00e4r alltid v\u00e4lkommen att kontakta v\u00e5r samordnare om du har fr\u00e5gor om f\u00f6rskolan eller vill boka in en tid f\u00f6r personligt bes\u00f6k. D\u00e5 f\u00e5r du chans att se dig runt i v\u00e5ra lokaler, p\u00e5 v\u00e5r g\u00e5rd och st\u00e4lla fr\u00e5gor till v\u00e5ra pedagoger.<\/p>\n\n\t\t\t\t\t<\/div>\n\t\t\t\t\t\t\t<\/div>\n\n\t\t\t\t<div class=\"ams-fifty__action u-inline-items\">\n\t\t\t\t\t\t\t\n\n\n<a href=\"https:\/\/pysslingen.se\/johannelund\/besok-oss\/#kontakt\"\n\t\n\tclass=\"c-btn \"\n\tdata-style=\"rounded\"\n\tdata-size=\"md\"\n\tdata-width=\"full-mobile\"\n\tdata-variant=\"default\"\n\ttarget=\"_self\">\n\t\t\t<span class=\"label\"> Boka visning<\/span>\n\t\t\t<\/a>\n\t\t\t\t\t\t\t\n\n\n<a href=\"https:\/\/pysslingen.se\/johannelund\/besok-oss\/#minipyss\"\n\t\n\tclass=\"c-btn \"\n\tdata-style=\"rounded\"\n\tdata-size=\"md\"\n\tdata-width=\"full-mobile\"\n\tdata-variant=\"outline\"\n\ttarget=\"_self\">\n\t\t\t<span class=\"label\"> Bes\u00f6k MiniPyss<\/span>\n\t\t\t<\/a>\n\t\t\t<\/div>\n\t\t<\/div>\n\n\t\t <div class=\"ams-fifty__media u-ratio-landscape\">\n\t\t \t\t\t\t\t<img decoding=\"async\" width=\"600\" height=\"400\" src=\"https:\/\/pysslingen.se\/wp-content\/uploads\/sites\/99\/2026\/03\/gard-2-1-600x400.jpg\" class=\"attachment-md size-md\" alt=\"Uteg\u00e5rden p\u00e5 Johannelunds f\u00f6rskola.\" sizes=\"(min-width: 64em) 600px, calc(100vw - 160px)\" srcset=\"https:\/\/pysslingen.se\/wp-content\/uploads\/sites\/99\/2026\/03\/gard-2-1-600x400.jpg 600w, https:\/\/pysslingen.se\/wp-content\/uploads\/sites\/99\/2026\/03\/gard-2-1-300x200.jpg 300w, https:\/\/pysslingen.se\/wp-content\/uploads\/sites\/99\/2026\/03\/gard-2-1-400x267.jpg 400w, https:\/\/pysslingen.se\/wp-content\/uploads\/sites\/99\/2026\/03\/gard-2-1-800x533.jpg 800w, https:\/\/pysslingen.se\/wp-content\/uploads\/sites\/99\/2026\/03\/gard-2-1-1024x683.jpg 1024w, https:\/\/pysslingen.se\/wp-content\/uploads\/sites\/99\/2026\/03\/gard-2-1-1200x800.jpg 1200w\" \/>\n\t\t\t\n\t\t\t\n\t\t\t\t\t<\/div>\n\t<\/div>\n\n\t\t\n\n<\/section>\n\n\n\n\t\n\t\n\t\n\n\t\n\t\n\t\t\n<section  class=\"c-block l-stacked  \" data-color-scheme=\"nyans2_av_p2-card-bakgrund-hover-standard_standard\">\n\t<div class=\"ams-fifty ams-fifty--container ams-fifty--left ams-fifty--bottom l-container u-pt-fluid-md-xl u-pb-fluid-md-xl\">\n\t\t<div class=\"ams-fifty__content l-stack l-stack-xl is-left is-left@lg\">\n\t\t\t<div class=\"ams-fifty__text l-stack l-stack-lg\">\n\t\t\t\t\t\n\t<h2\n\tclass=\"c-heading u-font-title-1 \"\n\tstyle=\"\">\n\t\t\n\t\t\t\t\tVad inneb\u00e4r en visning?\n\t\t\t\t\n\t<\/h2>\n\n\t\t\t\t\t\t\t\t\t<div class=\"text l-stack u-font-body\">\n\t\t\t\t\t\t<p>Under visningen visar en platsansvarig\/samordnare runt dig i v\u00e5ra lokaler och ber\u00e4ttar hur vi arbetar f\u00f6r att skapa en trygg och l\u00e4rorik vardag f\u00f6r v\u00e5ra barn.<\/p>\n<p><strong>Tre anledningar att boka en visning av f\u00f6rskolan:<\/strong><br \/>\n&#8211; F\u00e5 en k\u00e4nsla f\u00f6r v\u00e5ra lokaler och milj\u00f6n p\u00e5 f\u00f6rskolan<br \/>\n&#8211; St\u00e4ll dina fr\u00e5gor direkt till en pedagog<br \/>\n&#8211; Se hur vi jobbar med trygghet och l\u00e4rande fr\u00e5n introduktionen till sista \u00e5ret p\u00e5 f\u00f6rskolan.<\/p>\n\n\t\t\t\t\t<\/div>\n\t\t\t\t\t\t\t<\/div>\n\n\t\t\t\t\t<\/div>\n\n\t\t <div class=\"ams-fifty__media u-ratio-landscape\">\n\t\t \t\t\t\t\t<img decoding=\"async\" width=\"600\" height=\"400\" src=\"https:\/\/pysslingen.se\/wp-content\/uploads\/sites\/99\/2020\/11\/natur-flicka-3.jpg\" class=\"attachment-md size-md\" alt=\"Flicka vattnar plantor\" sizes=\"(min-width: 64em) 600px, calc(100vw - 160px)\" srcset=\"https:\/\/pysslingen.se\/wp-content\/uploads\/sites\/99\/2020\/11\/natur-flicka-3.jpg 1000w, https:\/\/pysslingen.se\/wp-content\/uploads\/sites\/99\/2020\/11\/natur-flicka-3-300x200.jpg 300w, https:\/\/pysslingen.se\/wp-content\/uploads\/sites\/99\/2020\/11\/natur-flicka-3-768x512.jpg 768w\" \/>\n\t\t\t\n\t\t\t\n\t\t\t\t\t<\/div>\n\t<\/div>\n\n\t\t\n\n<\/section>\n\n\n\n\t\n\t\n\t\n\n\t\n\t\n\t\t\n<section id=minipyss class=\"c-block l-stacked  \" data-color-scheme=\"\">\n\t<div class=\"ams-fifty ams-fifty--container ams-fifty--right ams-fifty--bottom l-container u-pt-fluid-3xl-6xl u-pb-fluid-3xl-6xl\">\n\t\t<div class=\"ams-fifty__content l-stack l-stack-xl is-left is-left@lg\">\n\t\t\t<div class=\"ams-fifty__text l-stack l-stack-lg\">\n\t\t\t\t\t\n\t<h2\n\tclass=\"c-heading u-font-title-1 \"\n\tstyle=\"\">\n\t\t\n\t\t\t\t\tMiniPyss f\u00f6r dig och din baby\n\t\t\t\t\n\t<\/h2>\n\n\t\t\t\t\t\t\t\t\t<div class=\"text l-stack u-font-body\">\n\t\t\t\t\t\t<p>Vi p\u00e5 Johannelunds f\u00f6rskola bjuder in dig som \u00e4r f\u00f6r\u00e4ldraledig eller hemma med barn till MiniPyss. Hos oss tr\u00e4ffar du andra f\u00f6r\u00e4ldrar med barn och har en trevlig stund tillsammans. Vid varje tillf\u00e4lle h\u00e5ller vi en gemensam s\u00e5ng och rytmiksamling med r\u00f6relsegl\u00e4dje och musik f\u00f6r stora och sm\u00e5.<\/p>\n<p>Du f\u00e5r ocks\u00e5 chans att st\u00e4lla fr\u00e5gor till v\u00e5ra medarbetare, samt f\u00e5 r\u00e5d och information om b\u00e5de barn och f\u00f6rskola. Vi bjuder p\u00e5 nyttigt tilltugg. Ingen f\u00f6ranm\u00e4lan kr\u00e4vs, varmt v\u00e4lkomna!<\/p>\n<p><strong>N\u00e4r?<\/strong> Torsdagar kl. 09.00-12.00<br \/>\n<strong>Var?\u00a0<\/strong>Pysslingen Johannelund, Rabattv\u00e4gen 11 V\u00e4llingby<br \/>\n<strong style=\"font-family: -apple-system, BlinkMacSystemFont, 'Segoe UI', Roboto, 'Helvetica Neue', Arial, 'Noto Sans', 'Liberation Sans', sans-serif, 'Apple Color Emoji', 'Segoe UI Emoji', 'Segoe UI Symbol', 'Noto Color Emoji'; font-size: 1rem;\">Kontakt: <\/strong><span style=\"font-family: -apple-system, BlinkMacSystemFont, 'Segoe UI', Roboto, 'Helvetica Neue', Arial, 'Noto Sans', 'Liberation Sans', sans-serif, 'Apple Color Emoji', 'Segoe UI Emoji', 'Segoe UI Symbol', 'Noto Color Emoji'; font-size: 1rem;\">Har du fr\u00e5gor om MiniPyss, kontakta oss p\u00e5 minipyss@pysslingen.se<\/span><\/p>\n<p>F\u00f6lj oss g\u00e4rna p\u00e5 Instagram\u00a0<a href=\"https:\/\/www.instagram.com\/pysslingen_minipyss\/\">@pysslingen_minipyss<\/a>, f\u00f6r att h\u00e5lla dig uppdaterad om aktuell info.<\/p>\n\n\t\t\t\t\t<\/div>\n\t\t\t\t\t\t\t<\/div>\n\n\t\t\t\t\t<\/div>\n\n\t\t <div class=\"ams-fifty__media u-ratio-landscape\">\n\t\t \t\t\t\t\t<img decoding=\"async\" width=\"600\" height=\"800\" src=\"https:\/\/pysslingen.se\/wp-content\/uploads\/sites\/99\/2026\/01\/mp-bebisar-600x800.jpg\" class=\"attachment-md size-md\" alt=\"bebisar och v\u00e5rdnadshavare leker och uppt\u00e4cker p\u00e5 MiniPyss\" sizes=\"(min-width: 64em) 600px, calc(100vw - 160px)\" srcset=\"https:\/\/pysslingen.se\/wp-content\/uploads\/sites\/99\/2026\/01\/mp-bebisar-600x800.jpg 600w, https:\/\/pysslingen.se\/wp-content\/uploads\/sites\/99\/2026\/01\/mp-bebisar-300x400.jpg 300w, https:\/\/pysslingen.se\/wp-content\/uploads\/sites\/99\/2026\/01\/mp-bebisar-400x533.jpg 400w, https:\/\/pysslingen.se\/wp-content\/uploads\/sites\/99\/2026\/01\/mp-bebisar-800x1067.jpg 800w, https:\/\/pysslingen.se\/wp-content\/uploads\/sites\/99\/2026\/01\/mp-bebisar-1024x1366.jpg 1024w, https:\/\/pysslingen.se\/wp-content\/uploads\/sites\/99\/2026\/01\/mp-bebisar-1200x1600.jpg 1200w, https:\/\/pysslingen.se\/wp-content\/uploads\/sites\/99\/2026\/01\/mp-bebisar-scaled.jpg 1920w\" \/>\n\t\t\t\n\t\t\t\n\t\t\t\t\t<\/div>\n\t<\/div>\n\n\t\t\n\n<\/section>\n\n\n\n<section id=kontakt\n\t\t class=\"\n\t\t ams-contact\n\t\t \n\t\t c-block l-stacked\n\t\t \n\t\t \n\t\t js-load-more\n\t\t \"\n\t\t data-color-scheme=\"\"\n\t\t\t\t\tdata-count=\"3\"\n\t\t\t\t\t\t\tdata-count-mobile=\"2\"\n\t\t\t\t>\n\t<div\n\t\t class=\"\n\t\t l-container\n\t\t l-stack l-stack-fluid-2xl\n\t\t u-pt-fluid-3xl-6xl\n\t\t u-pb-fluid-3xl-6xl\n\t\t is-center\n\t\t is-center@md\n\t\t \">\n\t\t\t\t\t<div class=\"ams-contact__intro l-stack l-stack-lg\">\n\t\t\t\t\t\n\t<h2\n\tclass=\"c-heading u-font-title-1 \"\n\tstyle=\"\">\n\t\t\n\t\t\t\t\tBoka visning:\n\t\t\t\t\n\t<\/h2>\n\n\t\t\t\t\t\t\t\t\t<div class=\"c-text l-stack u-cs-xl u-font-body\">\n\t\t\t\t\t\t<p>Kontakta v\u00e5r samordnare f\u00f6r att boka in er p\u00e5 en visning av f\u00f6rskolan!<\/p>\n\n\t\t\t\t\t<\/div>\n\t\t\t\t\t\t\t<\/div>\n\t\t\n\t\t\n\t\t    \t\n\t\t\n\t\t<ul\n\t\t\tid=\"contact-grid-69f73bca84e6d\"\n\t\t\tclass=\"ams-contact__list l-grid u-gap-fluid-2xl-4xl u-justify-center js-results \"\n\t\t\taria-label=\"Contacts\"\n\t\t\tdata-filter-animation=\"off\"\n\t\t\t>\n\t\t\t\t\t\t\t\t\t\t\t\n\t\t\t\t\n\t\t\t\t<li class=\"l-col-6@md l-col-4@lg \" data-filter=\"samordnare\">\n\t\t\t\t\t<article class=\"c-card \" data-variant=\"neutral\">\n\t\t\t\t\t\t<div class=\"c-card__content u-text-center\">\n\t\t\t\t\t\t\t\t\t\t\t\t\t\t\t<h3 class=\"c-card__title u-font-title-3\">\n\t\t\t\t\t\t\t\t\tMarilyn Aramayo\n\t\t\t\t\t\t\t\t<\/h3>\n\t\t\t\t\t\t\t\n\t\t\t\t\t\t\t\t\t\t\t\t\t\t\t<p class=\"position u-font-body\">Samordnare (kontakta f\u00f6r bes\u00f6k)<\/p>\n\t\t\t\t\t\t\t\n\t\t\t\t\t\t\t\t\t\t\t\t\t\t\t<div class=\"contact-info u-font-body\">\n\t\t\t\t\t\t\t\t\t\t\t\t\t\t\t\t\t\t\t\t\t\t\t\t\t\t\t\t\t\t<p class=\"phone\"><a\n\t\t\t\t\t\t\t\t\t\t\t\t\thref=\"tel:0701713199\"\n\t\t\t\t\t\t\t\t\t\t\t\t\tclass=\"u-text-link\">070-171 31 99<\/a>\n\t\t\t\t\t\t\t\t\t\t\t<\/p>\n\t\t\t\t\t\t\t\t\t\t\t\t\t\t\t\t\t\t\t\n\t\t\t\t\t\t\t\t\t\t\t\t\t\t\t\t\t\t\t\t\t\t\t\t\t\t\t\t\t\t<p class=\"email\"><a\n\t\t\t\t\t\t\t\t\t\t\t\t\thref=\"mai&#108;to:m&#097;&#114;&#105;&#108;&#121;n&#046;aramay&#111;&#064;&#112;&#121;&#115;&#115;&#108;i&#110;&#103;e&#110;&#046;&#115;e\"\n\t\t\t\t\t\t\t\t\t\t\t\t\tclass=\"u-text-link\">m&#097;&#114;&#105;ly&#110;&#046;&#097;r&#097;&#109;ayo&#064;pys&#115;&#108;i&#110;g&#101;&#110;.&#115;e<\/a>\n\t\t\t\t\t\t\t\t\t\t\t<\/p>\n\t\t\t\t\t\t\t\t\t\t\t\t\t\t\t\t\t\t\t\t\t\t\t\t\t\t\t<\/div>\n\t\t\t\t\t\t\t\n\t\t\t\t\t\t\t\t\t\t\t\t\t<\/div>\n\t\t\t\t\t\t<div class=\"c-card__media\">\n\t\t\t\t\t\t\t\t\t\t\t\t\t\t\t\t\t\t\t\t\t\t\t\t\t\t\t\t\t\t\t\t\t\t\t\t\t\t\t\t\t\t\t\t\t\t\t\t\t<img decoding=\"async\" width=\"400\" height=\"299\" src=\"https:\/\/pysslingen.se\/wp-content\/uploads\/sites\/99\/2020\/12\/22johannelund-marilynaramayo-pericon-platsansvarig22-scaled.jpeg\" class=\"u-radius-rounded u-ratio-landscape  \" alt=\"Portr\u00e4ttbild p\u00e5 medarbetare.\" sizes=\"(max-width: 300px) 100vw, 300px\" srcset=\"https:\/\/pysslingen.se\/wp-content\/uploads\/sites\/99\/2020\/12\/22johannelund-marilynaramayo-pericon-platsansvarig22-scaled.jpeg 2560w, https:\/\/pysslingen.se\/wp-content\/uploads\/sites\/99\/2020\/12\/22johannelund-marilynaramayo-pericon-platsansvarig22-300x224.jpeg 300w, https:\/\/pysslingen.se\/wp-content\/uploads\/sites\/99\/2020\/12\/22johannelund-marilynaramayo-pericon-platsansvarig22-1024x765.jpeg 1024w, https:\/\/pysslingen.se\/wp-content\/uploads\/sites\/99\/2020\/12\/22johannelund-marilynaramayo-pericon-platsansvarig22-768x574.jpeg 768w, https:\/\/pysslingen.se\/wp-content\/uploads\/sites\/99\/2020\/12\/22johannelund-marilynaramayo-pericon-platsansvarig22-1536x1147.jpeg 1536w, https:\/\/pysslingen.se\/wp-content\/uploads\/sites\/99\/2020\/12\/22johannelund-marilynaramayo-pericon-platsansvarig22-2048x1530.jpeg 2048w, https:\/\/pysslingen.se\/wp-content\/uploads\/sites\/99\/2020\/12\/22johannelund-marilynaramayo-pericon-platsansvarig22-1920x1434.jpeg 1920w, https:\/\/pysslingen.se\/wp-content\/uploads\/sites\/99\/2020\/12\/22johannelund-marilynaramayo-pericon-platsansvarig22-1100x822.jpeg 1100w, https:\/\/pysslingen.se\/wp-content\/uploads\/sites\/99\/2020\/12\/22johannelund-marilynaramayo-pericon-platsansvarig22-897x670.jpeg 897w\" \/>\n\t\t\t\t\t\t<\/div>\n\t\t\t\t\t<\/article>\n\t\t\t\t<\/li>\n\t\t\t\t\t<\/ul>\n\n\t\t\n\t\t    <div class=\"ams-contact__more u-inline-items js-load-more-btn\">\n        <button href=\"#\"\n                class=\"c-btn\"\n                data-style=\"rounded\"\n                data-size=\"md\"\n                data-width=\"full-mobile\"\n                data-variant=\"outline\">\n        \tShow more\n        <\/button>\n    <\/div>\n\n\t\t\t<\/div>\n\n\t\t\n\n<\/section>\n","protected":false},"excerpt":{"rendered":"","protected":false},"author":3,"featured_media":0,"parent":0,"menu_order":0,"comment_status":"closed","ping_status":"closed","template":"","meta":{"footnotes":""},"yoast_head":"<!-- This site is optimized with the Yoast SEO plugin v22.0 - https:\/\/yoast.com\/wordpress\/plugins\/seo\/ -->\n<title>Bes\u00f6k oss p\u00e5 f\u00f6rskolan Johannelund!<\/title>\n<meta name=\"description\" content=\"V\u00e4lkommen att bes\u00f6ka oss p\u00e5 f\u00f6rskolan Johannelund! Vi h\u00e5ller visningar och aktiviteter f\u00f6r barn och v\u00e5rdnadshavare. L\u00e4s mer!\" \/>\n<meta name=\"robots\" content=\"index, follow, max-snippet:-1, max-image-preview:large, max-video-preview:-1\" \/>\n<link rel=\"canonical\" href=\"https:\/\/pysslingen.se\/johannelund\/besok-oss\/\" \/>\n<meta property=\"og:locale\" content=\"sv_SE\" \/>\n<meta property=\"og:type\" content=\"article\" \/>\n<meta property=\"og:title\" content=\"Bes\u00f6k oss p\u00e5 f\u00f6rskolan Johannelund!\" \/>\n<meta property=\"og:description\" content=\"V\u00e4lkommen att bes\u00f6ka oss p\u00e5 f\u00f6rskolan Johannelund! Vi h\u00e5ller visningar och aktiviteter f\u00f6r barn och v\u00e5rdnadshavare. L\u00e4s mer!\" \/>\n<meta property=\"og:url\" content=\"https:\/\/pysslingen.se\/johannelund\/besok-oss\/\" \/>\n<meta property=\"og:site_name\" content=\"Johannelund\" \/>\n<meta property=\"article:modified_time\" content=\"2026-03-24T13:33:56+00:00\" \/>\n<meta name=\"twitter:card\" content=\"summary_large_image\" \/>\n<meta name=\"twitter:title\" content=\"Bes\u00f6k oss p\u00e5 f\u00f6rskolan Johannelund!\" \/>\n<meta name=\"twitter:description\" content=\"V\u00e4lkommen att bes\u00f6ka oss p\u00e5 f\u00f6rskolan Johannelund! Vi h\u00e5ller visningar och aktiviteter f\u00f6r barn och v\u00e5rdnadshavare. L\u00e4s mer!\" \/>\n<script type=\"application\/ld+json\" class=\"yoast-schema-graph\">{\"@context\":\"https:\/\/schema.org\",\"@graph\":[{\"@type\":\"WebPage\",\"@id\":\"https:\/\/pysslingen.se\/johannelund\/besok-oss\/\",\"url\":\"https:\/\/pysslingen.se\/johannelund\/besok-oss\/\",\"name\":\"Bes\u00f6k oss p\u00e5 f\u00f6rskolan Johannelund!\",\"isPartOf\":{\"@id\":\"https:\/\/pysslingen.se\/johannelund\/#website\"},\"datePublished\":\"2020-10-16T12:33:05+00:00\",\"dateModified\":\"2026-03-24T13:33:56+00:00\",\"description\":\"V\u00e4lkommen att bes\u00f6ka oss p\u00e5 f\u00f6rskolan Johannelund! Vi h\u00e5ller visningar och aktiviteter f\u00f6r barn och v\u00e5rdnadshavare. L\u00e4s mer!\",\"breadcrumb\":{\"@id\":\"https:\/\/pysslingen.se\/johannelund\/besok-oss\/#breadcrumb\"},\"inLanguage\":\"sv-SE\",\"potentialAction\":[{\"@type\":\"ReadAction\",\"target\":[\"https:\/\/pysslingen.se\/johannelund\/besok-oss\/\"]}]},{\"@type\":\"BreadcrumbList\",\"@id\":\"https:\/\/pysslingen.se\/johannelund\/besok-oss\/#breadcrumb\",\"itemListElement\":[{\"@type\":\"ListItem\",\"position\":1,\"name\":\"Start\",\"item\":\"https:\/\/pysslingen.se\/johannelund\/\"},{\"@type\":\"ListItem\",\"position\":2,\"name\":\"Bes\u00f6k oss\"}]},{\"@type\":\"WebSite\",\"@id\":\"https:\/\/pysslingen.se\/johannelund\/#website\",\"url\":\"https:\/\/pysslingen.se\/johannelund\/\",\"name\":\"Johannelund\",\"description\":\"En trygg och stimulerande v\u00e4rld\",\"publisher\":{\"@id\":\"https:\/\/pysslingen.se\/johannelund\/#organization\"},\"potentialAction\":[{\"@type\":\"SearchAction\",\"target\":{\"@type\":\"EntryPoint\",\"urlTemplate\":\"https:\/\/pysslingen.se\/johannelund\/?s={search_term_string}\"},\"query-input\":\"required name=search_term_string\"}],\"inLanguage\":\"sv-SE\"},{\"@type\":\"Organization\",\"@id\":\"https:\/\/pysslingen.se\/johannelund\/#organization\",\"name\":\"Pysslingen F\u00f6rskolor\",\"url\":\"https:\/\/pysslingen.se\/johannelund\/\",\"logo\":{\"@type\":\"ImageObject\",\"inLanguage\":\"sv-SE\",\"@id\":\"https:\/\/pysslingen.se\/johannelund\/#\/schema\/logo\/image\/\",\"url\":\"https:\/\/pysslingen.se\/wp-content\/uploads\/2021\/05\/pysslingen-forskolor.png\",\"contentUrl\":\"https:\/\/pysslingen.se\/wp-content\/uploads\/2021\/05\/pysslingen-forskolor.png\",\"width\":1120,\"height\":630,\"caption\":\"Pysslingen F\u00f6rskolor\"},\"image\":{\"@id\":\"https:\/\/pysslingen.se\/johannelund\/#\/schema\/logo\/image\/\"}}]}<\/script>\n<!-- \/ Yoast SEO plugin. -->","yoast_head_json":{"title":"Bes\u00f6k oss p\u00e5 f\u00f6rskolan Johannelund!","description":"V\u00e4lkommen att bes\u00f6ka oss p\u00e5 f\u00f6rskolan Johannelund! Vi h\u00e5ller visningar och aktiviteter f\u00f6r barn och v\u00e5rdnadshavare. L\u00e4s mer!","robots":{"index":"index","follow":"follow","max-snippet":"max-snippet:-1","max-image-preview":"max-image-preview:large","max-video-preview":"max-video-preview:-1"},"canonical":"https:\/\/pysslingen.se\/johannelund\/besok-oss\/","og_locale":"sv_SE","og_type":"article","og_title":"Bes\u00f6k oss p\u00e5 f\u00f6rskolan Johannelund!","og_description":"V\u00e4lkommen att bes\u00f6ka oss p\u00e5 f\u00f6rskolan Johannelund! Vi h\u00e5ller visningar och aktiviteter f\u00f6r barn och v\u00e5rdnadshavare. L\u00e4s mer!","og_url":"https:\/\/pysslingen.se\/johannelund\/besok-oss\/","og_site_name":"Johannelund","article_modified_time":"2026-03-24T13:33:56+00:00","twitter_card":"summary_large_image","twitter_title":"Bes\u00f6k oss p\u00e5 f\u00f6rskolan Johannelund!","twitter_description":"V\u00e4lkommen att bes\u00f6ka oss p\u00e5 f\u00f6rskolan Johannelund! Vi h\u00e5ller visningar och aktiviteter f\u00f6r barn och v\u00e5rdnadshavare. L\u00e4s mer!","schema":{"@context":"https:\/\/schema.org","@graph":[{"@type":"WebPage","@id":"https:\/\/pysslingen.se\/johannelund\/besok-oss\/","url":"https:\/\/pysslingen.se\/johannelund\/besok-oss\/","name":"Bes\u00f6k oss p\u00e5 f\u00f6rskolan Johannelund!","isPartOf":{"@id":"https:\/\/pysslingen.se\/johannelund\/#website"},"datePublished":"2020-10-16T12:33:05+00:00","dateModified":"2026-03-24T13:33:56+00:00","description":"V\u00e4lkommen att bes\u00f6ka oss p\u00e5 f\u00f6rskolan Johannelund! Vi h\u00e5ller visningar och aktiviteter f\u00f6r barn och v\u00e5rdnadshavare. L\u00e4s mer!","breadcrumb":{"@id":"https:\/\/pysslingen.se\/johannelund\/besok-oss\/#breadcrumb"},"inLanguage":"sv-SE","potentialAction":[{"@type":"ReadAction","target":["https:\/\/pysslingen.se\/johannelund\/besok-oss\/"]}]},{"@type":"BreadcrumbList","@id":"https:\/\/pysslingen.se\/johannelund\/besok-oss\/#breadcrumb","itemListElement":[{"@type":"ListItem","position":1,"name":"Start","item":"https:\/\/pysslingen.se\/johannelund\/"},{"@type":"ListItem","position":2,"name":"Bes\u00f6k oss"}]},{"@type":"WebSite","@id":"https:\/\/pysslingen.se\/johannelund\/#website","url":"https:\/\/pysslingen.se\/johannelund\/","name":"Johannelund","description":"En trygg och stimulerande v\u00e4rld","publisher":{"@id":"https:\/\/pysslingen.se\/johannelund\/#organization"},"potentialAction":[{"@type":"SearchAction","target":{"@type":"EntryPoint","urlTemplate":"https:\/\/pysslingen.se\/johannelund\/?s={search_term_string}"},"query-input":"required name=search_term_string"}],"inLanguage":"sv-SE"},{"@type":"Organization","@id":"https:\/\/pysslingen.se\/johannelund\/#organization","name":"Pysslingen F\u00f6rskolor","url":"https:\/\/pysslingen.se\/johannelund\/","logo":{"@type":"ImageObject","inLanguage":"sv-SE","@id":"https:\/\/pysslingen.se\/johannelund\/#\/schema\/logo\/image\/","url":"https:\/\/pysslingen.se\/wp-content\/uploads\/2021\/05\/pysslingen-forskolor.png","contentUrl":"https:\/\/pysslingen.se\/wp-content\/uploads\/2021\/05\/pysslingen-forskolor.png","width":1120,"height":630,"caption":"Pysslingen F\u00f6rskolor"},"image":{"@id":"https:\/\/pysslingen.se\/johannelund\/#\/schema\/logo\/image\/"}}]}},"_links":{"self":[{"href":"https:\/\/pysslingen.se\/johannelund\/wp-json\/wp\/v2\/pages\/461"}],"collection":[{"href":"https:\/\/pysslingen.se\/johannelund\/wp-json\/wp\/v2\/pages"}],"about":[{"href":"https:\/\/pysslingen.se\/johannelund\/wp-json\/wp\/v2\/types\/page"}],"author":[{"embeddable":true,"href":"https:\/\/pysslingen.se\/johannelund\/wp-json\/wp\/v2\/users\/3"}],"replies":[{"embeddable":true,"href":"https:\/\/pysslingen.se\/johannelund\/wp-json\/wp\/v2\/comments?post=461"}],"version-history":[{"count":10,"href":"https:\/\/pysslingen.se\/johannelund\/wp-json\/wp\/v2\/pages\/461\/revisions"}],"predecessor-version":[{"id":1978,"href":"https:\/\/pysslingen.se\/johannelund\/wp-json\/wp\/v2\/pages\/461\/revisions\/1978"}],"wp:attachment":[{"href":"https:\/\/pysslingen.se\/johannelund\/wp-json\/wp\/v2\/media?parent=461"}],"curies":[{"name":"wp","href":"https:\/\/api.w.org\/{rel}","templated":true}]}}